000
CDUS42 KAKQ 042128
CLIECG


CLIMATE REPORT
NATIONAL WEATHER SERVICE WAKEFIELD, VA
527 PM EDT MON MAY 4 2015


...................................

...THE ELIZABETH CITY NC CLIMATE SUMMARY FOR MAY 4 2015...
VALID TODAY AS OF 0500 PM LOCAL TIME.

CLIMATE NORMAL PERIOD 1981 TO 2010
CLIMATE RECORD PERIOD 1934 TO 2015


WEATHER ITEM   OBSERVED TIME   RECORD YEAR NORMAL DEPARTURE LAST
                VALUE   (LST)  VALUE       VALUE  FROM      YEAR
                                                  NORMAL
..................................................................
TEMPERATURE (F)
 TODAY
  MAXIMUM         80    356 PM  92    1938  74      6       80
  MINIMUM         53    546 AM  37    1941  53      0       55
  AVERAGE         67

PRECIPITATION (IN)
  TODAY            0.00          1.95 1994   0.11  -0.11     0.00
  MONTH TO DATE    0.01                      0.41  -0.40     0.09
  SINCE MAR 1      7.09                      7.53  -0.44     8.58
  SINCE JAN 1     13.89                     13.97  -0.08    12.72

SNOWFALL (IN)
  TODAY            0.0
  MONTH TO DATE    0.0
  SINCE NOV 1      T
  SINCE JUL 1      T
  SNOW DEPTH       0

DEGREE DAYS
 HEATING
  TODAY            0
  MONTH TO DATE   20
  SINCE MAR 1    692
  SINCE JUL 1   3226

 COOLING
  TODAY            2
  MONTH TO DATE    2
  SINCE MAR 1     35
  SINCE JAN 1     37
..................................................................


WIND (MPH)
  RESULTANT WIND SPEED   7   RESULTANT WIND DIRECTION  SW (220)
  HIGHEST WIND SPEED    17   HIGHEST WIND DIRECTION    SW (210)
  HIGHEST GUST SPEED    22   HIGHEST GUST DIRECTION    SW (230)


SKY COVER
  POSSIBLE SUNSHINE  MM
  AVERAGE SKY COVER 0.0


WEATHER CONDITIONS
 THE FOLLOWING WEATHER WAS RECORDED TODAY.
  NO SIGNIFICANT WEATHER WAS OBSERVED.


RELATIVE HUMIDITY (PERCENT)
 HIGHEST    83
 LOWEST     28
 AVERAGE    56

..........................................................


THE ELIZABETH CITY NC CLIMATE NORMALS FOR TOMORROW
                         NORMAL    RECORD    YEAR
 MAXIMUM TEMPERATURE (F)   74        92      1938
 MINIMUM TEMPERATURE (F)   53        40      1966


SUNRISE AND SUNSET
MAY  4 2015...........SUNRISE   609 AM EDT   SUNSET   755 PM EDT
MAY  5 2015...........SUNRISE   608 AM EDT   SUNSET   756 PM EDT


-  INDICATES NEGATIVE NUMBERS.
R  INDICATES RECORD WAS SET OR TIED.
MM INDICATES DATA IS MISSING.
T  INDICATES TRACE AMOUNT.




$$
