000
CDUS44 KEPZ 030930
CLIELP


CLIMATE REPORT
NATIONAL WEATHER SERVICE EL PASO, TX
329 AM MDT SUN MAY 3 2015


...................................

...THE EL PASO CLIMATE SUMMARY FOR MAY 2 2015...

CLIMATE NORMAL PERIOD 1981 TO 2010
CLIMATE RECORD PERIOD 1879 TO 2015


WEATHER ITEM   OBSERVED TIME   RECORD YEAR NORMAL DEPARTURE LAST
                VALUE   (LST)  VALUE       VALUE  FROM      YEAR
                                                  NORMAL
..................................................................
TEMPERATURE (F)
 YESTERDAY
  MAXIMUM         93    201 PM  95    2006  83     10       77
                                      1940
  MINIMUM         56    552 AM  31    1967  56      0       45
  AVERAGE         75                        70      5       61

PRECIPITATION (IN)
  YESTERDAY        0.00          0.49 1928   0.01  -0.01     0.00
  MONTH TO DATE    0.00                      0.02  -0.02     0.00
  SINCE MAR 1      0.85                      0.51   0.34     0.63
  SINCE JAN 1      1.73                      1.37   0.36     0.63

SNOWFALL (IN)
  YESTERDAY        0.0                                       0.0
  MONTH TO DATE    0.0                                       0.0
  SINCE MAR 1      0.0                                       0.0
  SINCE JUL 1      T                                          T
  SNOW DEPTH       0

DEGREE DAYS
 HEATING
  YESTERDAY        0                         1     -1        4
  MONTH TO DATE    0                         2     -2       11
  SINCE MAR 1    241                       364   -123      249
  SINCE JUL 1   2064                      2467   -403     2037

 COOLING
  YESTERDAY       10                         6      4        0
  MONTH TO DATE   19                        11      8        0
  SINCE MAR 1    145                       103     42      119
  SINCE JAN 1    146                       103     43      126
..................................................................


WIND (MPH)
  HIGHEST WIND SPEED    25   HIGHEST WIND DIRECTION    SW (230)
  HIGHEST GUST SPEED    35   HIGHEST GUST DIRECTION    SW (230)
  AVERAGE WIND SPEED     9.4


SKY COVER
  POSSIBLE SUNSHINE  MM
  AVERAGE SKY COVER 0.4


WEATHER CONDITIONS
 THE FOLLOWING WEATHER WAS RECORDED YESTERDAY.
  LIGHT RAIN


RELATIVE HUMIDITY (PERCENT)
 HIGHEST    32           600 AM
 LOWEST      6           500 PM
 AVERAGE    19

..........................................................


THE EL PASO CLIMATE NORMALS FOR TODAY
                         NORMAL    RECORD    YEAR
 MAXIMUM TEMPERATURE (F)   84        95      2000
                                             1947
 MINIMUM TEMPERATURE (F)   56        35      1988
                                             1970


SUNRISE AND SUNSET
MAY  3 2015...........SUNRISE   618 AM MDT   SUNSET   747 PM MDT
MAY  4 2015...........SUNRISE   617 AM MDT   SUNSET   748 PM MDT


-  INDICATES NEGATIVE NUMBERS.
R  INDICATES RECORD WAS SET OR TIED.
MM INDICATES DATA IS MISSING.
T  INDICATES TRACE AMOUNT.




$$
