000
CDUS46 KOTX 190833
CLIEPH


CLIMATE REPORT
NATIONAL WEATHER SERVICE SPOKANE, WA
133 AM PDT SUN APR 19 2015


...................................

...THE EPHRATA WA AIRPORT CLIMATE SUMMARY FOR APRIL 18 2015...

CLIMATE NORMAL PERIOD 1981 TO 2010
CLIMATE RECORD PERIOD 9999 TO 9999


WEATHER ITEM   OBSERVED TIME   RECORD YEAR NORMAL DEPARTURE LAST
                VALUE   (LST)  VALUE       VALUE  FROM      YEAR
                                                  NORMAL
..................................................................
TEMPERATURE (F)
 YESTERDAY
  MAXIMUM         73    421 PM  84    1994  63     10       62
  MINIMUM         47    538 AM  24    1982  38      9       38
  AVERAGE         60                        51      9       50

PRECIPITATION (IN)
  YESTERDAY        0.00          0.27 1967   0.02  -0.02     0.00
  MONTH TO DATE    0.50                      0.31   0.19     0.09
  SINCE OCT 1      5.60                      5.47   0.13     2.60
  SINCE JAN 1      2.81                      2.64   0.17     1.85

SNOWFALL (IN)
  YESTERDAY       MM

DEGREE DAYS
 HEATING
  YESTERDAY        5                        14     -9       15
  MONTH TO DATE  287                       288     -1      227
  SINCE MAR 1    791                       972   -181      889
  SINCE JUL 1   4485                      5545  -1060     5471

 COOLING
  YESTERDAY        0                         0      0        0
  MONTH TO DATE    0                         0      0        0
  SINCE MAR 1      0                         0      0        0
  SINCE JAN 1      0                         0      0        0
..................................................................


WIND (MPH)
  HIGHEST WIND SPEED    24   HIGHEST WIND DIRECTION    NW (320)
  HIGHEST GUST SPEED    28   HIGHEST GUST DIRECTION    NW (320)
  AVERAGE WIND SPEED     8.8


SKY COVER
  POSSIBLE SUNSHINE  MM
  AVERAGE SKY COVER 0.0


WEATHER CONDITIONS
 THE FOLLOWING WEATHER WAS RECORDED YESTERDAY.
  NO SIGNIFICANT WEATHER WAS OBSERVED.


RELATIVE HUMIDITY (PERCENT)
 HIGHEST    46           400 AM
 LOWEST     13           400 PM
 AVERAGE    30

..........................................................


THE EPHRATA WA AIRPORT CLIMATE NORMALS FOR TODAY
                         NORMAL    RECORD    YEAR
 MAXIMUM TEMPERATURE (F)   64        82      2010
 MINIMUM TEMPERATURE (F)   38        21      2008


SUNRISE AND SUNSET
APRIL 19 2015.........SUNRISE   603 AM PDT   SUNSET   753 PM PDT
APRIL 20 2015.........SUNRISE   601 AM PDT   SUNSET   754 PM PDT


-  INDICATES NEGATIVE NUMBERS.
R  INDICATES RECORD WAS SET OR TIED.
MM INDICATES DATA IS MISSING.
T  INDICATES TRACE AMOUNT.




$$
