000
CDUS42 KMHX 270525
CLIEWN


CLIMATE REPORT
NATIONAL WEATHER SERVICE NEWPORT/MOREHEAD CITY NC
125 AM EDT MON APR 27 2015


...................................

...THE NEW BERN NC CLIMATE SUMMARY FOR APRIL 26 2015...

CLIMATE NORMAL PERIOD 1981 TO 2010
CLIMATE RECORD PERIOD 1948 TO 2015


WEATHER ITEM   OBSERVED TIME   RECORD YEAR NORMAL DEPARTURE LAST
                VALUE   (LST)  VALUE       VALUE  FROM      YEAR
                                                  NORMAL
..................................................................
TEMPERATURE (F)
 YESTERDAY
  MAXIMUM         60    119 AM  95    1990  76    -16       80
  MINIMUM         51   1159 PM  39    2001  53     -2       59
  AVERAGE         56                        64     -8       70

PRECIPITATION (IN)
  YESTERDAY        0.01          1.62 1979   0.11  -0.10     0.00
  MONTH TO DATE    2.03                      2.75  -0.72     3.91
  SINCE MAR 1      5.59                      7.14  -1.55     8.51
  SINCE JAN 1     13.96                     14.82  -0.86    15.04

SNOWFALL (IN)
  YESTERDAY        0.0
  MONTH TO DATE    0.0
  SINCE NOV 1      3.0
  SINCE JUL 1      3.0
  SNOW DEPTH       0

DEGREE DAYS
 HEATING
  YESTERDAY        9                         3      6        0
  MONTH TO DATE   79                       141    -62      100
  SINCE MAR 1    431                       510    -79      558
  SINCE JUL 1   2674                      2656     18     2632

 COOLING
  YESTERDAY        0                         3     -3        5
  MONTH TO DATE   65                        45     20       48
  SINCE MAR 1     88                        56     32       51
  SINCE JAN 1     95                        59     36       56
..................................................................


WIND (MPH)
  HIGHEST WIND SPEED    14   HIGHEST WIND DIRECTION    NE (30)
  HIGHEST GUST SPEED    18   HIGHEST GUST DIRECTION     N (20)
  AVERAGE WIND SPEED     8.5


SKY COVER
  POSSIBLE SUNSHINE  MM
  AVERAGE SKY COVER 1.0


WEATHER CONDITIONS
 THE FOLLOWING WEATHER WAS RECORDED YESTERDAY.
  LIGHT RAIN
  FOG


RELATIVE HUMIDITY (PERCENT)
 HIGHEST   100           200 AM
 LOWEST     77           500 PM
 AVERAGE    89

..........................................................


THE NEW BERN NC CLIMATE NORMALS FOR TODAY
                         NORMAL    RECORD    YEAR
 MAXIMUM TEMPERATURE (F)   76        94      1990
 MINIMUM TEMPERATURE (F)   53        36      1963


SUNRISE AND SUNSET
APRIL 27 2015.........SUNRISE   622 AM EDT   SUNSET   750 PM EDT
APRIL 28 2015.........SUNRISE   621 AM EDT   SUNSET   751 PM EDT


-  INDICATES NEGATIVE NUMBERS.
R  INDICATES RECORD WAS SET OR TIED.
MM INDICATES DATA IS MISSING.
T  INDICATES TRACE AMOUNT.




$$
