000
CDUS43 KIND 020542
CLIEYE


CLIMATE REPORT
NATIONAL WEATHER SERVICE INDIANAPOLIS IN
141 AM EDT THU APR 2 2015


...................................

...THE INDIANAPOLIS EAGLE CREEK IN CLIMATE SUMMARY FOR APRIL 1 2015...

CLIMATE NORMAL PERIOD 1981 TO 2010
CLIMATE RECORD PERIOD 9999 TO 9999


WEATHER ITEM   OBSERVED TIME   NORMAL DEPARTURE LAST
                VALUE   (LST)  VALUE  FROM      YEAR
                                      NORMAL
......................................................
TEMPERATURE (F)
 YESTERDAY
  MAXIMUM         68    438 PM  58     10       62
  MINIMUM         35    425 AM  39     -4       47
  AVERAGE         52            48      4       55

PRECIPITATION (IN)
  YESTERDAY        0.00          0.12  -0.12     0.03
  MONTH TO DATE    0.00          0.12  -0.12     0.03
  SINCE MAR 1      3.07          3.42  -0.35     1.01
  SINCE JAN 1      5.55          7.76  -2.21     5.39

DEGREE DAYS
 HEATING
  YESTERDAY       13            17     -4       10
  MONTH TO DATE   13            17     -4       10
  SINCE MAR 1    830           717    113      907
  SINCE JUL 1   5516          4842    674     5733

 COOLING
  YESTERDAY        0             0      0        0
  MONTH TO DATE    0             0      0        0
  SINCE MAR 1      0             1     -1        0
  SINCE JAN 1      0             1     -1        0
......................................................


WIND (MPH)
  HIGHEST WIND SPEED    13   HIGHEST WIND DIRECTION     S (160)
  HIGHEST GUST SPEED    21   HIGHEST GUST DIRECTION     S (160)
  AVERAGE WIND SPEED     6.4


SKY COVER
  AVERAGE SKY COVER 0.0


WEATHER CONDITIONS
 THE FOLLOWING WEATHER WAS RECORDED YESTERDAY.
  NO SIGNIFICANT WEATHER WAS OBSERVED.


RELATIVE HUMIDITY (PERCENT)
 HIGHEST    92           700 AM
 LOWEST     28           300 PM
 AVERAGE    60

..........................................................


THE INDIANAPOLIS EAGLE CREEK IN CLIMATE NORMALS FOR TODAY
                         NORMAL
 MAXIMUM TEMPERATURE (F)   58
 MINIMUM TEMPERATURE (F)   40


SUNRISE AND SUNSET
APRIL  2 2015.........SUNRISE   728 AM EDT   SUNSET   810 PM EDT
APRIL  3 2015.........SUNRISE   727 AM EDT   SUNSET   811 PM EDT


-  INDICATES NEGATIVE NUMBERS.
R  INDICATES RECORD WAS SET OR TIED.
MM INDICATES DATA IS MISSING.
T  INDICATES TRACE AMOUNT.




$$
