000
CDAK49 PAFG 240937
CLIFAI

CLIMATE REPORT
NATIONAL WEATHER SERVICE FAIRBANKS AK
137 AM AKDT FRI APR 24 2015

...................................

...THE FAIRBANKS AK CLIMATE SUMMARY FOR APRIL 23 2015...

CLIMATE NORMAL PERIOD 1981 TO 2010
CLIMATE RECORD PERIOD 1904 TO 2015


WEATHER ITEM   OBSERVED TIME   RECORD YEAR NORMAL DEPARTURE LAST
                VALUE   (LST)  VALUE       VALUE  FROM      YEAR
                                                  NORMAL
..................................................................
TEMPERATURE (F)
 YESTERDAY
  MAXIMUM         54    550 PM  66    1940  50      4       57
  MINIMUM         23    510 AM -13    1948  27     -4       33
  AVERAGE         39                        38      1       45

PRECIPITATION (IN)
  YESTERDAY        0.00          0.27 2006   0.01  -0.01      T
  MONTH TO DATE    0.16                      0.21  -0.05     0.20
  SINCE MAR 1      0.65                      0.46   0.19     0.41
  SINCE JAN 1      1.28                      1.46  -0.18     1.03

SNOWFALL (IN)
  YESTERDAY        0.0           3.3  1941   0.0    0.0      0.0
  MONTH TO DATE    2.1                       2.4   -0.3      2.9
  SINCE MAR 1     10.2                       7.3    2.9      6.0
  SINCE JUL 1     43.8                      63.6  -19.8     48.9
  SNOW DEPTH       0

DEGREE DAYS
 HEATING
  YESTERDAY       26                        27     -1       20
  MONTH TO DATE  699                       803   -104      788
  SINCE MAR 1   2226                      2463   -237     2364
  SINCE JUL 1  11693                     12853  -1160    11756

 COOLING
  YESTERDAY        0                         0      0        0
  MONTH TO DATE    0                         0      0        0
  SINCE MAR 1      0                         0      0        0
  SINCE JAN 1      0                         0      0        0
..................................................................


WIND (MPH)
  HIGHEST GUST SPEED    22   HIGHEST GUST DIRECTION     E (100)


SKY COVER
  AVERAGE SKY COVER 0.3


WEATHER CONDITIONS
 THE FOLLOWING WEATHER WAS RECORDED YESTERDAY.
  NO SIGNIFICANT WEATHER WAS OBSERVED.


RELATIVE HUMIDITY (PERCENT)
 HIGHEST    81
 LOWEST     19
 AVERAGE    50

..........................................................


THE FAIRBANKS AK CLIMATE NORMALS FOR TODAY
                         NORMAL    RECORD    YEAR
 MAXIMUM TEMPERATURE (F)   50        67      1940
 MINIMUM TEMPERATURE (F)   27       -10      1948


SUNRISE AND SUNSET
APRIL 24 2015..........SUNRISE  544 AM AKDT   SUNSET  958 PM AKDT
APRIL 25 2015..........SUNRISE  541 AM AKDT   SUNSET  1001 PM AKDT


-  INDICATES NEGATIVE NUMBERS.
R  INDICATES RECORD WAS SET OR TIED.
MM INDICATES DATA IS MISSING.
T  INDICATES TRACE AMOUNT.

&&

SNOW DEPTH IS MEASURED AT 3AM AKST/4AM AKDT

----------------------------
AVAILABLE DAYLIGHT

AMOUNT OF DAYLIGHT TODAY  (HOUR:MIN)........16:14
GAIN SINCE YESTERDAY........................7 MINUTES
----------------------------

$$
DA APR 15
