000
CDUS43 KFGF 280632
CLIFAR


CLIMATE REPORT
NATIONAL WEATHER SERVICE EASTERN NORTH DAKOTA/GRAND FORKS
131 AM CDT TUE APR 28 2015


...................................

...THE FARGO HECTOR INTL AP ND CLIMATE SUMMARY FOR APRIL 27 2015...

CLIMATE NORMAL PERIOD 1981 TO 2010
CLIMATE RECORD PERIOD 1881 TO 2015


WEATHER ITEM   OBSERVED TIME   RECORD YEAR NORMAL DEPARTURE LAST
                VALUE   (LST)  VALUE       VALUE  FROM      YEAR
                                                  NORMAL
..................................................................
TEMPERATURE (F)
 YESTERDAY
  MAXIMUM         74    509 PM  92    1910  63     11       43
  MINIMUM         34    524 AM  12    1909  38     -4       38
  AVERAGE         54                        50      4       41

PRECIPITATION (IN)
  YESTERDAY        T             1.79 1942   0.06  -0.06     0.95
  MONTH TO DATE    0.77                      1.17  -0.40     2.17
  SINCE MAR 1      1.07                      2.47  -1.40     2.89
  SINCE JAN 1      2.04                      3.78  -1.74     3.77

SNOWFALL (IN)
  YESTERDAY        0.0           2.0  1966   0.0    0.0      0.0
  MONTH TO DATE    T                         2.8   -2.8      2.0
  SINCE MAR 1      0.4                      11.9  -11.5      7.3
  SINCE JUL 1     16.0                      49.9  -33.9     34.9
  SNOW DEPTH       0

DEGREE DAYS
 HEATING
  YESTERDAY       11                        15     -4       24
  MONTH TO DATE  507                       583    -76      665
  SINCE MAR 1   1474                      1735   -261     1981
  SINCE JUL 1   7890                      8413   -523     9258

 COOLING
  YESTERDAY        0                         0      0        0
  MONTH TO DATE    0                         0      0        0
  SINCE MAR 1      0                         0      0        0
  SINCE JAN 1      0                         0      0        0
..................................................................


WIND (MPH)
  HIGHEST WIND SPEED    29   HIGHEST WIND DIRECTION     N (340)
  HIGHEST GUST SPEED    35   HIGHEST GUST DIRECTION     N (340)
  AVERAGE WIND SPEED     8.6


SKY COVER
  POSSIBLE SUNSHINE  MM
  AVERAGE SKY COVER 0.1


WEATHER CONDITIONS
 THE FOLLOWING WEATHER WAS RECORDED YESTERDAY.
  LIGHT RAIN


RELATIVE HUMIDITY (PERCENT)
 HIGHEST    68          1100 PM
 LOWEST     16           300 PM
 AVERAGE    42

..........................................................


THE FARGO HECTOR INTL AP ND CLIMATE NORMALS FOR TODAY
                         NORMAL    RECORD    YEAR
 MAXIMUM TEMPERATURE (F)   63        91      2004
 MINIMUM TEMPERATURE (F)   38        16      1956


SUNRISE AND SUNSET
APRIL 28 2015.........SUNRISE   617 AM CDT   SUNSET   833 PM CDT
APRIL 29 2015.........SUNRISE   615 AM CDT   SUNSET   835 PM CDT


-  INDICATES NEGATIVE NUMBERS.
R  INDICATES RECORD WAS SET OR TIED.
MM INDICATES DATA IS MISSING.
T  INDICATES TRACE AMOUNT.




$$
