000
CDUS46 KSGX 181418
CLIFUL


CLIMATE REPORT
NATIONAL WEATHER SERVICE SAN DIEGO, CA
717 AM PDT SAT APR 18 2015


...................................

...THE FULLERTON AIRPORT CA CLIMATE SUMMARY FOR APRIL 17 2015...

CLIMATE NORMAL PERIOD 1981 TO 2010
CLIMATE RECORD PERIOD 1998 TO 2015


WEATHER ITEM   OBSERVED TIME   RECORD YEAR NORMAL DEPARTURE LAST
                VALUE   (LST)  VALUE       VALUE  FROM      YEAR
                                                  NORMAL
..................................................................
TEMPERATURE (F)
 YESTERDAY
  MAXIMUM         86   1224 PM  88    1999  73     13       71
  MINIMUM         53    540 AM  45    1998  52      1       60
  AVERAGE         70                        63      7       66

PRECIPITATION (IN)
  YESTERDAY        0.00          0.11 2004   0.03  -0.03     0.00
  MONTH TO DATE    0.21                      0.47  -0.26     0.22
  SINCE OCT 1      5.54                     12.81  -7.27     4.57
  SINCE JAN 1      1.72                      8.91  -7.19     3.26

SNOWFALL (IN)
  YESTERDAY        0.0
  MONTH TO DATE    0.0
  SINCE MAR 1      0.0
  SINCE JUL 1      0.0
  SNOW DEPTH       0

DEGREE DAYS
 HEATING
  YESTERDAY        0                         3     -3        0
  MONTH TO DATE   18                        68    -50       31
  SINCE MAR 1     51                       238   -187       84
  SINCE JUL 1    414                      1160   -746      582

 COOLING
  YESTERDAY        5                         1      4        1
  MONTH TO DATE   37                        14     23       44
  SINCE MAR 1    187                        27    160       79
  SINCE JAN 1    238                        36    202       99
..................................................................


WIND (MPH)
  RESULTANT WIND SPEED   2   RESULTANT WIND DIRECTION   W (260)
  HIGHEST WIND SPEED    14   HIGHEST WIND DIRECTION    SW (210)
  HIGHEST GUST SPEED    20   HIGHEST GUST DIRECTION     W (260)
  AVERAGE WIND SPEED     3.8


SKY COVER
  POSSIBLE SUNSHINE  MM
  AVERAGE SKY COVER 0.0


WEATHER CONDITIONS
 THE FOLLOWING WEATHER WAS RECORDED YESTERDAY.
  NO SIGNIFICANT WEATHER WAS OBSERVED.


RELATIVE HUMIDITY (PERCENT)
 HIGHEST    43           600 AM
 LOWEST     10          1100 AM
 AVERAGE    27

..........................................................


THE FULLERTON AIRPORT CA CLIMATE NORMALS FOR TODAY
                         NORMAL    RECORD    YEAR
 MAXIMUM TEMPERATURE (F)   73        89      1999
 MINIMUM TEMPERATURE (F)   53        48      2006


SUNRISE AND SUNSET
APRIL 18 2015.........SUNRISE   618 AM PDT   SUNSET   725 PM PDT
APRIL 19 2015.........SUNRISE   616 AM PDT   SUNSET   726 PM PDT


-  INDICATES NEGATIVE NUMBERS.
R  INDICATES RECORD WAS SET OR TIED.
MM INDICATES DATA IS MISSING.
T  INDICATES TRACE AMOUNT.




$$
