000
CDUS43 KIWX 210527
CLIFWA


CLIMATE REPORT
NATIONAL WEATHER SERVICE NORTHERN INDIANA
127 AM EDT TUE APR 21 2015


...................................

...THE FORT WAYNE CLIMATE SUMMARY FOR APRIL 20 2015...

CLIMATE NORMAL PERIOD 1981 TO 2010
CLIMATE RECORD PERIOD 1897 TO 2015


WEATHER ITEM   OBSERVED TIME   RECORD YEAR NORMAL DEPARTURE LAST
                VALUE   (LST)  VALUE       VALUE  FROM      YEAR
                                                  NORMAL
..................................................................
TEMPERATURE (F)
 YESTERDAY
  MAXIMUM         62   1231 AM  84    1985  63     -1       75
  MINIMUM         44   1159 PM  20    1904  40      4       33
  AVERAGE         53                        52      1       54

PRECIPITATION (IN)
  YESTERDAY        0.16          1.44 1920   0.11   0.05     0.00
  MONTH TO DATE    2.73                      2.40   0.33     3.05
  SINCE MAR 1      4.80                      5.11  -0.31     4.95
  SINCE JAN 1      8.57                      9.41  -0.84    11.19

SNOWFALL (IN)
  YESTERDAY        0.0           0.2  1953   0.0    0.0      0.0
  MONTH TO DATE    0.0                       0.9   -0.9      1.1
  SINCE MAR 1      8.6                       5.0    3.6     14.3
  SINCE JUL 1     45.1                      33.4   11.7     76.1
  SNOW DEPTH       0

DEGREE DAYS
 HEATING
  YESTERDAY       12                        14     -2       11
  MONTH TO DATE  235                       341   -106      332
  SINCE MAR 1   1196                      1167     29     1399
  SINCE JUL 1   6345                      5765    580     6652

 COOLING
  YESTERDAY        0                         0      0        0
  MONTH TO DATE    0                         0      0        1
  SINCE MAR 1      0                         0      0        1
  SINCE JAN 1      0                         0      0        1
..................................................................


WIND (MPH)
  HIGHEST WIND SPEED    33   HIGHEST WIND DIRECTION    SW (240)
  HIGHEST GUST SPEED    44   HIGHEST GUST DIRECTION     W (260)
  AVERAGE WIND SPEED    21.1


SKY COVER
  AVERAGE SKY COVER 0.9


WEATHER CONDITIONS
 THE FOLLOWING WEATHER WAS RECORDED YESTERDAY.
  LIGHT RAIN
  FOG


RELATIVE HUMIDITY (PERCENT)
 HIGHEST    90           100 AM
 LOWEST     60           900 PM
 AVERAGE    75

..........................................................


THE FORT WAYNE CLIMATE NORMALS FOR TODAY
                         NORMAL    RECORD    YEAR
 MAXIMUM TEMPERATURE (F)   63        87      1985
                                             1899
 MINIMUM TEMPERATURE (F)   41        21      1907


SUNRISE AND SUNSET
APRIL 21 2015.........SUNRISE   653 AM EDT   SUNSET   827 PM EDT
APRIL 22 2015.........SUNRISE   652 AM EDT   SUNSET   828 PM EDT


-  INDICATES NEGATIVE NUMBERS.
R  INDICATES RECORD WAS SET OR TIED.
MM INDICATES DATA IS MISSING.
T  INDICATES TRACE AMOUNT.




$$
