000
CDUS44 KTSA 190858
CLIFYV

CLIMATE REPORT
NATIONAL WEATHER SERVICE TULSA OK
358 AM CDT SUN APR 19 2015


...................................

...THE FAYETTEVILLE ARKANSAS CLIMATE SUMMARY FOR APRIL 18 2015...

CLIMATE NORMAL PERIOD 1981 TO 2010
CLIMATE RECORD PERIOD 1905 TO 2015


WEATHER ITEM   OBSERVED TIME   RECORD YEAR NORMAL DEPARTURE LAST
                VALUE   (LST)  VALUE       VALUE  FROM      YEAR
                                                  NORMAL
..................................................................
TEMPERATURE (F)
 YESTERDAY
  MAXIMUM         73    438 PM  91    2006  70      3       73
  MINIMUM         52   1146 PM  28    2001  45      7       39
  AVERAGE         63                        58      5       56

PRECIPITATION (IN)
  YESTERDAY        0.20                      0.15   0.05     0.00
  MONTH TO DATE    2.00                      2.57  -0.57     2.05
  SINCE MAR 1      6.63                      6.52   0.11     7.63
  SINCE JAN 1      9.69                     12.17  -2.48    10.11

SNOWFALL (IN)
  YESTERDAY        0.0                                       0.0
  MONTH TO DATE    0.0                                       0.0
  SINCE MAR 1      2.6                                       3.8
  SINCE JUL 1      7.9                                      17.9

DEGREE DAYS
 HEATING
  YESTERDAY        2                         8     -6        9
  MONTH TO DATE   97                       189    -92      213
  SINCE MAR 1    623                       715    -92      873
  SINCE JUL 1   4109                      4018     91     4593

 COOLING
  YESTERDAY        0                         1     -1        0
  MONTH TO DATE   20                        15      5        9
  SINCE MAR 1     20                        19      1        9
  SINCE JAN 1     20                        19      1        9
..................................................................


WIND (MPH)
  HIGHEST WIND SPEED    14   HIGHEST WIND DIRECTION     W (290)
  HIGHEST GUST SPEED    31   HIGHEST GUST DIRECTION     W (250)
  AVERAGE WIND SPEED     3.7


SKY COVER
  POSSIBLE SUNSHINE  MM
  AVERAGE SKY COVER 0.5


WEATHER CONDITIONS
 THE FOLLOWING WEATHER WAS RECORDED YESTERDAY.
  RAIN
  LIGHT RAIN
  FOG


RELATIVE HUMIDITY (PERCENT)
 HIGHEST   100           100 AM
 LOWEST     66           500 PM
 AVERAGE    83

..........................................................


THE FAYETTEVILLE ARKANSAS CLIMATE NORMALS FOR TODAY
                         NORMAL    RECORD    YEAR
 MAXIMUM TEMPERATURE (F)   70        92      1987
 MINIMUM TEMPERATURE (F)   46        26      1953


SUNRISE AND SUNSET
APRIL 19 2015.........SUNRISE   639 AM CDT   SUNSET   753 PM CDT
APRIL 20 2015.........SUNRISE   637 AM CDT   SUNSET   754 PM CDT


-  INDICATES NEGATIVE NUMBERS.
R  INDICATES RECORD WAS SET OR TIED.
MM INDICATES DATA IS MISSING.
T  INDICATES TRACE AMOUNT.




$$
