000
CDUS43 KUNR 270831
CLIGCC


CLIMATE REPORT
NATIONAL WEATHER SERVICE RAPID CITY SD
231 AM MDT MON APR 27 2015


...................................

...THE GILLETTE AIRPORT WY CLIMATE SUMMARY FOR APRIL 26 2015...

CLIMATE NORMAL PERIOD 1981 TO 2010
CLIMATE RECORD PERIOD 9999 TO 9999


WEATHER ITEM   OBSERVED TIME   NORMAL DEPARTURE LAST
                VALUE   (LST)  VALUE  FROM      YEAR
                                      NORMAL
......................................................
TEMPERATURE (F)
 YESTERDAY
  MAXIMUM         43    327 PM  59    -16       70
  MINIMUM         35   1159 PM  33      2       40
  AVERAGE         39            46     -7       55

PRECIPITATION (IN)
  YESTERDAY        0.64          0.06   0.58     0.08
  MONTH TO DATE    1.18          1.16   0.02     0.45
  SINCE MAR 1      1.63          2.12  -0.49     1.54
  SINCE JAN 1      2.48          2.90  -0.42     2.82

DEGREE DAYS
 HEATING
  YESTERDAY       26            19      7       10
  MONTH TO DATE  548           597    -49      544
  SINCE MAR 1   1245          1536   -291     1508
  SINCE JUL 1   6335          6944   -609     7153

 COOLING
  YESTERDAY        0             0      0        0
  MONTH TO DATE    0             0      0        0
  SINCE MAR 1      0             0      0        0
  SINCE JAN 1      0             0      0        0
......................................................


WIND (MPH)
  HIGHEST WIND SPEED    18   HIGHEST WIND DIRECTION     N (360)
  HIGHEST GUST SPEED    22   HIGHEST GUST DIRECTION     N (360)
  AVERAGE WIND SPEED    12.3


SKY COVER
  AVERAGE SKY COVER 1.0


WEATHER CONDITIONS
 THE FOLLOWING WEATHER WAS RECORDED YESTERDAY.
  LIGHT RAIN
  FOG


RELATIVE HUMIDITY (PERCENT)
 HIGHEST   100           800 PM
 LOWEST     79           200 AM
 AVERAGE    90

..........................................................




SUNRISE AND SUNSET
APRIL 27 2015.........SUNRISE   559 AM MDT   SUNSET   801 PM MDT
APRIL 28 2015.........SUNRISE   558 AM MDT   SUNSET   802 PM MDT


-  INDICATES NEGATIVE NUMBERS.
R  INDICATES RECORD WAS SET OR TIED.
MM INDICATES DATA IS MISSING.
T  INDICATES TRACE AMOUNT.




$$
