000
CDUS41 KPHI 210631
CLIGED


CLIMATE REPORT
NATIONAL WEATHER SERVICE MOUNT HOLLY NJ
229 AM EDT TUE APR 21 2015


...................................

...THE GEORGETOWN DE CLIMATE SUMMARY FOR APRIL 20 2015...

CLIMATE NORMAL PERIOD 1981 TO 2010
CLIMATE RECORD PERIOD 1948 TO 2015


WEATHER ITEM   OBSERVED TIME   RECORD YEAR NORMAL DEPARTURE LAST
                VALUE   (LST)  VALUE       VALUE  FROM      YEAR
                                                  NORMAL
..................................................................
TEMPERATURE (F)
 YESTERDAY
  MAXIMUM         77    255 PM  89    1985  66     11       56
  MINIMUM         57    115 AM  29    1974  45     12       41
  AVERAGE         67                        55     12       49

PRECIPITATION (IN)
  YESTERDAY        1.03R         0.76 1969   0.12   0.91     0.00
  MONTH TO DATE    2.70                      2.59   0.11     1.99
  SINCE MAR 1      6.47                      6.64  -0.17     5.35
  SINCE JAN 1     13.30                     12.35   0.95    12.53

SNOWFALL (IN)
  YESTERDAY       MM            MM      MM  MM     MM       MM
  MONTH TO DATE   MM                        MM     MM       MM
  SINCE MAR 1     MM                        MM     MM       MM
  SINCE JUL 1     MM                        MM     MM       MM
  SNOW DEPTH      MM

DEGREE DAYS
 HEATING
  YESTERDAY        0                        10    -10       16
  MONTH TO DATE  197                       259    -62      236
  SINCE MAR 1    950                       891     59      976
  SINCE JUL 1   4438                      4171    267     4331

 COOLING
  YESTERDAY        2                         1      1        0
  MONTH TO DATE    5                        10     -5       12
  SINCE MAR 1      5                        12     -7       12
  SINCE JAN 1      5                        12     -7       12
..................................................................


WIND (MPH)
  HIGHEST WIND SPEED    26   HIGHEST WIND DIRECTION     S (170)
  HIGHEST GUST SPEED    35   HIGHEST GUST DIRECTION     S (180)
  AVERAGE WIND SPEED    14.6


SKY COVER
  POSSIBLE SUNSHINE  MM
  AVERAGE SKY COVER 0.7


WEATHER CONDITIONS
 THE FOLLOWING WEATHER WAS RECORDED YESTERDAY.
  HEAVY RAIN
  RAIN
  LIGHT RAIN
  FOG


RELATIVE HUMIDITY (PERCENT)
 HIGHEST   100           500 AM
 LOWEST     60           300 PM
 AVERAGE    80

..........................................................


THE GEORGETOWN DE CLIMATE NORMALS FOR TODAY
                         NORMAL    RECORD    YEAR
 MAXIMUM TEMPERATURE (F)   66        90      1957
 MINIMUM TEMPERATURE (F)   45        27      1961


SUNRISE AND SUNSET
APRIL 21 2015.........SUNRISE   617 AM EDT   SUNSET   744 PM EDT
APRIL 22 2015.........SUNRISE   616 AM EDT   SUNSET   745 PM EDT


-  INDICATES NEGATIVE NUMBERS.
R  INDICATES RECORD WAS SET OR TIED.
MM INDICATES DATA IS MISSING.
T  INDICATES TRACE AMOUNT.




$$
