000
CDUS45 KRIW 270759
CLIGEY


CLIMATE REPORT
NATIONAL WEATHER SERVICE RIVERTON WY
155 AM MDT MON APR 27 2015


...................................

...THE GREYBULL WY CLIMATE SUMMARY FOR APRIL 26 2015...

CLIMATE NORMAL PERIOD 1981 TO 2010
CLIMATE RECORD PERIOD 1998 TO 2015


WEATHER ITEM   OBSERVED TIME   RECORD YEAR NORMAL DEPARTURE LAST
                VALUE   (LST)  VALUE       VALUE  FROM      YEAR
                                                  NORMAL
..................................................................
TEMPERATURE (F)
 YESTERDAY
  MAXIMUM         49    353 PM  84    2012  64    -15       68
  MINIMUM         39   1159 PM  28    2010  36      3       39
                                      2002
  AVERAGE         44                        50     -6       54

PRECIPITATION (IN)
  YESTERDAY        0.06          0.21 1999   0.03   0.03     0.06
  MONTH TO DATE    0.07                      0.59  -0.52     0.52
  SINCE MAR 1      0.21                      0.99  -0.78     0.70
  SINCE JAN 1      0.47                      1.40  -0.93     0.96

DEGREE DAYS
 HEATING
  YESTERDAY       21                        15      6       11
  MONTH TO DATE  452                       499    -47      480
  SINCE MAR 1   1155                      1370   -215     1385
  SINCE JUL 1   6799                      7341   -542     7272

 COOLING
  YESTERDAY        0                         0      0        0
  MONTH TO DATE    0                         0      0        0
  SINCE MAR 1      0                         0      0        0
  SINCE JAN 1      0                         0      0        0
..................................................................


WIND (MPH)
  HIGHEST WIND SPEED    26   HIGHEST WIND DIRECTION    NW (310)
  HIGHEST GUST SPEED    30   HIGHEST GUST DIRECTION    NW (310)
  AVERAGE WIND SPEED    11.9


SKY COVER
  POSSIBLE SUNSHINE  MM
  AVERAGE SKY COVER 1.0


WEATHER CONDITIONS
 THE FOLLOWING WEATHER WAS RECORDED YESTERDAY.
  LIGHT RAIN
  FOG


RELATIVE HUMIDITY (PERCENT)
 HIGHEST    92          1200 PM
 LOWEST     58           100 AM
 AVERAGE    75

..........................................................


THE GREYBULL WY CLIMATE NORMALS FOR TODAY
                         NORMAL    RECORD    YEAR
 MAXIMUM TEMPERATURE (F)   64        82      2004
 MINIMUM TEMPERATURE (F)   36        23      2008


SUNRISE AND SUNSET
APRIL 27 2015.........SUNRISE   609 AM MDT   SUNSET   812 PM MDT
APRIL 28 2015.........SUNRISE   607 AM MDT   SUNSET   813 PM MDT


-  INDICATES NEGATIVE NUMBERS.
R  INDICATES RECORD WAS SET OR TIED.
MM INDICATES DATA IS MISSING.
T  INDICATES TRACE AMOUNT.




$$
