000
CDUS44 KSHV 182214
CLIGGG


CLIMATE REPORT
NATIONAL WEATHER SERVICE SHREVEPORT, LA
513 PM CDT SAT APR 18 2015


...................................

...THE LONGVIEW CLIMATE SUMMARY FOR APRIL 18 2015...
VALID TODAY AS OF 0500 PM LOCAL TIME.

CLIMATE NORMAL PERIOD 1981 TO 2010
CLIMATE RECORD PERIOD 1902 TO 2015


WEATHER ITEM   OBSERVED TIME   RECORD YEAR NORMAL DEPARTURE LAST
                VALUE   (LST)  VALUE       VALUE  FROM      YEAR
                                                  NORMAL
..................................................................
TEMPERATURE (F)
 TODAY
  MAXIMUM         80    215 PM  94    2006  77      3       76
  MINIMUM         67    722 AM  37    2001  54     13       54
  AVERAGE         74                        65      9       65

PRECIPITATION (IN)
  TODAY            0.28          1.53 1966   0.10   0.18      T
  MONTH TO DATE    4.14                      1.89   2.25     2.20
  SINCE DEC 1     23.49                     18.09   5.40    13.08
  SINCE JAN 1     21.19                     13.60   7.59     8.93

SNOWFALL (IN)
  TODAY            0.0
  MONTH TO DATE    0.0
  SINCE MAR 1      0.2
  SINCE JUL 1      3.1
  SNOW DEPTH       0

DEGREE DAYS
 HEATING
  TODAY            0                         3     -3        0
  MONTH TO DATE   23                        72    -49      107
  SINCE MAR 1    292                       327    -35      455
  SINCE JUL 1   2265                      2231     34     2579

 COOLING
  TODAY            9                         3      6        0
  MONTH TO DATE   97                        42     55       48
  SINCE MAR 1    122                        69     53       58
  SINCE JAN 1    122                        81     41       63
..................................................................


WIND (MPH)
  HIGHEST WIND SPEED     8   HIGHEST WIND DIRECTION    NE (40)
  HIGHEST GUST SPEED    11   HIGHEST GUST DIRECTION     N (350)
  AVERAGE WIND SPEED     3.2


SKY COVER
  POSSIBLE SUNSHINE  MM
  AVERAGE SKY COVER 0.9


WEATHER CONDITIONS
 THE FOLLOWING WEATHER WAS RECORDED TODAY.
  HEAVY RAIN
  RAIN
  LIGHT RAIN
  FOG


RELATIVE HUMIDITY (PERCENT)
 HIGHEST    93           700 AM
 LOWEST     64           200 PM
 AVERAGE    79

..........................................................


THE LONGVIEW CLIMATE NORMALS FOR TOMORROW
                         NORMAL    RECORD    YEAR
 MAXIMUM TEMPERATURE (F)   77        93      2011
 MINIMUM TEMPERATURE (F)   54        36      1953


SUNRISE AND SUNSET
APRIL 18 2015.........SUNRISE   646 AM CDT   SUNSET   751 PM CDT
APRIL 19 2015.........SUNRISE   645 AM CDT   SUNSET   751 PM CDT


-  INDICATES NEGATIVE NUMBERS.
R  INDICATES RECORD WAS SET OR TIED.
MM INDICATES DATA IS MISSING.
T  INDICATES TRACE AMOUNT.




$$
