000
CDUS45 KGGW 280742
CLIGGW


CLIMATE REPORT
NATIONAL WEATHER SERVICE GLASGOW MT
141 AM MDT TUE APR 28 2015


...................................

...THE GLASGOW MT CLIMATE SUMMARY FOR APRIL 27 2015...

CLIMATE NORMAL PERIOD 1981 TO 2010
CLIMATE RECORD PERIOD 1893 TO 2015


WEATHER ITEM   OBSERVED TIME   RECORD YEAR NORMAL DEPARTURE LAST
                VALUE   (LST)  VALUE       VALUE  FROM      YEAR
                                                  NORMAL
..................................................................
TEMPERATURE (F)
 YESTERDAY
  MAXIMUM         60    355 PM  87    2001  62     -2       50
                                      1949
  MINIMUM         39    544 AM  12    1907  36      3       32
  AVERAGE         50                        49      1       41

PRECIPITATION (IN)
  YESTERDAY        0.01          0.80 2012   0.04  -0.03     0.39
  MONTH TO DATE    1.09                      0.73   0.36     0.88
  SINCE OCT 1      4.16                      3.33   0.83     3.39
  SINCE JAN 1      2.90                      1.78   1.12     1.94

SNOWFALL (IN)
  YESTERDAY        0.0           2.2  1991   0.1   -0.1      0.0
  MONTH TO DATE    5.3                       1.8    3.5      0.0
  SINCE MAR 1      8.1                       6.5    1.6      6.6
  SINCE JUL 1     43.2                      33.5    9.7     30.4
  SNOW DEPTH       0

DEGREE DAYS
 HEATING
  YESTERDAY       15                        16     -1       24
  MONTH TO DATE  548                       556     -8      599
  SINCE MAR 1   1319                      1590   -271     1753
  SINCE JUL 1   7403                      7960   -557     8401

 COOLING
  YESTERDAY        0                         0      0        0
  MONTH TO DATE    0                         0      0        0
  SINCE MAR 1      0                         0      0        0
  SINCE JAN 1      0                         0      0        0
..................................................................


WIND (MPH)
  HIGHEST WIND SPEED    13   HIGHEST WIND DIRECTION     S (160)
  HIGHEST GUST SPEED    15   HIGHEST GUST DIRECTION    SW (230)
  AVERAGE WIND SPEED     7.0


SKY COVER
  POSSIBLE SUNSHINE  MM
  AVERAGE SKY COVER 0.3


WEATHER CONDITIONS
 THE FOLLOWING WEATHER WAS RECORDED YESTERDAY.
  LIGHT RAIN


RELATIVE HUMIDITY (PERCENT)
 HIGHEST    85           300 AM
 LOWEST     36           400 PM
 AVERAGE    61

..........................................................


THE GLASGOW MT CLIMATE NORMALS FOR TODAY
                         NORMAL    RECORD    YEAR
 MAXIMUM TEMPERATURE (F)   63        89      1952
 MINIMUM TEMPERATURE (F)   36        14      1966
                                             1958


SUNRISE AND SUNSET
APRIL 28 2015.........SUNRISE   553 AM MDT   SUNSET   816 PM MDT
APRIL 29 2015.........SUNRISE   551 AM MDT   SUNSET   817 PM MDT


-  INDICATES NEGATIVE NUMBERS.
R  INDICATES RECORD WAS SET OR TIED.
MM INDICATES DATA IS MISSING.
T  INDICATES TRACE AMOUNT.

$$
