000
CDUS42 KGSP 042042
CLIGSP

CLIMATE REPORT
NATIONAL WEATHER SERVICE GREENVILLE-SPARTANBURG SC
442 PM EDT MON MAY 4 2015


...................................

...THE GREENVILLE-SPARTANBURG SC CLIMATE SUMMARY FOR MAY 4 2015...
VALID TODAY AS OF 0440 PM LOCAL TIME.

CLIMATE NORMAL PERIOD 1981 TO 2010
CLIMATE RECORD PERIOD 1884 TO 2015


WEATHER ITEM   OBSERVED TIME   RECORD YEAR NORMAL DEPARTURE LAST
                VALUE   (LST)  VALUE       VALUE  FROM      YEAR
                                                  NORMAL
..................................................................
TEMPERATURE (F)
 TODAY
  MAXIMUM         81    333 PM  91    1887  77      4       88
  MINIMUM         54    535 AM  30    1885  54      0       53
  AVERAGE         68                        65      3       71

PRECIPITATION (IN)
  TODAY            0.00          2.00 2002   0.12  -0.12     0.00
  MONTH TO DATE    0.00                      0.49  -0.49     0.00
  SINCE MAR 1      8.27                      8.37  -0.10     9.14
  SINCE JAN 1     15.59                     16.16  -0.57    15.38

SNOWFALL (IN)
  TODAY            0.0           0.0    MM   0.0    0.0      0.0
  MONTH TO DATE    0.0                       0.0    0.0      0.0
  SINCE MAR 1      0.0                       0.9   -0.9       T
  SINCE JUL 1      3.7                       4.7   -1.0      7.2
  SNOW DEPTH       0

DEGREE DAYS
 HEATING
  TODAY            0                         2     -2        0
  MONTH TO DATE    8                        11     -3        9
  SINCE MAR 1    403                       568   -165      622
  SINCE JUL 1   3017                      3017      0     3181

 COOLING
  TODAY            3                         3      0        6
  MONTH TO DATE    3                        10     -7        6
  SINCE MAR 1     59                        58      1       48
  SINCE JAN 1     59                        58      1       48
..................................................................


WIND (MPH)
  HIGHEST WIND SPEED    13   HIGHEST WIND DIRECTION     S (180)
  HIGHEST GUST SPEED    18   HIGHEST GUST DIRECTION    SW (210)
  AVERAGE WIND SPEED     4.9


SKY COVER
  POSSIBLE SUNSHINE  MM
  AVERAGE SKY COVER 0.3


WEATHER CONDITIONS
 THE FOLLOWING WEATHER WAS RECORDED TODAY.
  NO SIGNIFICANT WEATHER WAS OBSERVED.


RELATIVE HUMIDITY (PERCENT)
 HIGHEST    86           600 AM
 LOWEST     35           100 PM
 AVERAGE    61

..........................................................


THE GREENVILLE-SPARTANBURG SC CLIMATE NORMALS FOR TOMORROW
                         NORMAL    RECORD    YEAR
 MAXIMUM TEMPERATURE (F)   77        91      2014
                                             1934
 MINIMUM TEMPERATURE (F)   54        35      1885


SUNRISE AND SUNSET
MAY  4 2015...........SUNRISE   635 AM EDT   SUNSET   816 PM EDT
MAY  5 2015...........SUNRISE   634 AM EDT   SUNSET   817 PM EDT


-  INDICATES NEGATIVE NUMBERS.
R  INDICATES RECORD WAS SET OR TIED.
MM INDICATES DATA IS MISSING.
T  INDICATES TRACE AMOUNT.

$$

OUTLAW
