000
CDUS41 KLWX 060528
CLIHGR


CLIMATE REPORT
NATIONAL WEATHER SERVICE BALTIMORE MD/WASHINGTON DC
127 AM EDT WED MAY 6 2015


...................................

...THE HAGERSTOWN MD CLIMATE SUMMARY FOR MAY 5 2015...

CLIMATE NORMAL PERIOD 1981 TO 2010
CLIMATE RECORD PERIOD 9999 TO 9999


WEATHER ITEM   OBSERVED TIME   RECORD YEAR NORMAL DEPARTURE LAST
                VALUE   (LST)  VALUE       VALUE  FROM      YEAR
                                                  NORMAL
..................................................................
TEMPERATURE (F)
 YESTERDAY
  MAXIMUM         81    207 PM  MM      MM  69     12       64
  MINIMUM         62    437 AM  MM      MM  49     13       40
  AVERAGE         72                        59     13       52

PRECIPITATION (IN)
  YESTERDAY        T            MM      MM   0.12  -0.12     0.00
  MONTH TO DATE    0.04                      0.55  -0.51     0.01
  SINCE MAR 1      5.57                      7.49  -1.92     4.23
  SINCE JAN 1      7.85                     12.72  -4.87     8.01

DEGREE DAYS
 HEATING
  YESTERDAY        0                         7     -7       13
  MONTH TO DATE    9                        38    -29       39
  SINCE MAR 1   1082                      1149    -67     1289
  SINCE JUL 1   5088                      5052     36     5304

 COOLING
  YESTERDAY        7                         1      6        0
  MONTH TO DATE   13                         5      8        0
  SINCE MAR 1     15                        20     -5       10
  SINCE JAN 1     15                        20     -5       10
..................................................................


WIND (MPH)
  HIGHEST WIND SPEED     9   HIGHEST WIND DIRECTION     S (190)
  HIGHEST GUST SPEED    14   HIGHEST GUST DIRECTION     N (360)
  AVERAGE WIND SPEED     2.7


SKY COVER
  POSSIBLE SUNSHINE  MM
  AVERAGE SKY COVER 0.2


WEATHER CONDITIONS
 THE FOLLOWING WEATHER WAS RECORDED YESTERDAY.
  LIGHT RAIN


RELATIVE HUMIDITY (PERCENT)
 HIGHEST    76          1100 PM
 LOWEST     45           300 PM
 AVERAGE    61

..........................................................


THE HAGERSTOWN MD CLIMATE NORMALS FOR TODAY
                         NORMAL    RECORD    YEAR
 MAXIMUM TEMPERATURE (F)   69        MM        MM
 MINIMUM TEMPERATURE (F)   49        MM        MM


SUNRISE AND SUNSET
MAY  6 2015...........SUNRISE   606 AM EDT   SUNSET   810 PM EDT
MAY  7 2015...........SUNRISE   605 AM EDT   SUNSET   811 PM EDT


-  INDICATES NEGATIVE NUMBERS.
R  INDICATES RECORD WAS SET OR TIED.
MM INDICATES DATA IS MISSING.
T  INDICATES TRACE AMOUNT.




$$
