000
CDUS46 KHNX 050820
CLIHJO


CLIMATE REPORT
NATIONAL WEATHER SERVICE SAN JOAQUIN VALLEY, CA
120 AM PDT TUE MAY 5 2015


...................................

...THE HANFORD CA CLIMATE SUMMARY FOR MAY 4 2015...

CLIMATE NORMAL PERIOD 1981 TO 2010
CLIMATE RECORD PERIOD 1998 TO 2015


WEATHER ITEM   OBSERVED TIME   RECORD YEAR NORMAL DEPARTURE
                VALUE   (LST)  VALUE       VALUE  FROM
                                                  NORMAL
...............................................................
TEMPERATURE (F)
 YESTERDAY
  MAXIMUM         85    406 PM 100    2004  81      4
  MINIMUM         55    609 AM  46    1999  51      4
  AVERAGE         70                        66      4

PRECIPITATION (IN)
  YESTERDAY        0.00          0.06 2003   0.02  -0.02
  MONTH TO DATE    0.00                      0.08  -0.08
  SINCE OCT 1      4.97                      9.40  -4.43
  SINCE JAN 1      1.85                      6.27  -4.42

SNOWFALL (IN)
  YESTERDAY        0.0
  MONTH TO DATE    0.0
  SINCE MAR 1      0.0
  SINCE JUL 1      0.0
  SNOW DEPTH       0

DEGREE DAYS
 HEATING
  YESTERDAY        0
  MONTH TO DATE    0
  SINCE MAR 1    150
  SINCE JUL 1   1692

 COOLING
  YESTERDAY        5
  MONTH TO DATE   34
  SINCE MAR 1    187
  SINCE JAN 1    187
...............................................................


WIND (MPH)
  HIGHEST WIND SPEED    16   HIGHEST WIND DIRECTION    NW (320)
  HIGHEST GUST SPEED    22   HIGHEST GUST DIRECTION    NW (320)
  AVERAGE WIND SPEED     7.9




RELATIVE HUMIDITY (PERCENT)
 HIGHEST    72
 LOWEST     20
 AVERAGE    46

..........................................................


THE HANFORD CA CLIMATE NORMALS FOR TODAY
                         NORMAL    RECORD    YEAR
 MAXIMUM TEMPERATURE (F)   81        95      2011
 MINIMUM TEMPERATURE (F)   51        46      2008


SUNRISE AND SUNSET
MAY  5 2015...........SUNRISE   601 AM PDT   SUNSET   750 PM PDT
MAY  6 2015...........SUNRISE   600 AM PDT   SUNSET   750 PM PDT


-  INDICATES NEGATIVE NUMBERS.
R  INDICATES RECORD WAS SET OR TIED.
MM INDICATES DATA IS MISSING.
T  INDICATES TRACE AMOUNT.




$$
