000
CDUS45 KTFX 062227
CLIHLN


CLIMATE REPORT
NATIONAL WEATHER SERVICE GREAT FALLS MT
426 PM MDT WED MAY 6 2015


...................................

...THE HELENA MT CLIMATE SUMMARY FOR MAY 6 2015...
VALID TODAY AS OF 0400 PM LOCAL TIME.

CLIMATE NORMAL PERIOD 1981 TO 2010
CLIMATE RECORD PERIOD 1866 TO 2015


WEATHER ITEM   OBSERVED TIME   RECORD YEAR NORMAL DEPARTURE LAST
                VALUE   (LST)  VALUE       VALUE  FROM      YEAR
                                                  NORMAL
..................................................................
TEMPERATURE (F)
 TODAY
  MAXIMUM         61    259 PM  90    1966  64     -3       54
  MINIMUM         46    621 AM  23    1996  38      8       36
  AVERAGE         54                        51      3       45

PRECIPITATION (IN)
  TODAY            0.00          0.75 1958   0.04  -0.04     0.00
                                      1896
  MONTH TO DATE    0.17                      0.24  -0.07     0.12
  SINCE OCT 1      4.15                      4.04   0.11     5.32
  SINCE JAN 1      1.87                      2.47  -0.60     4.32

SNOWFALL (IN)
  TODAY            0.0           4.6  1965   0.0    0.0      0.0
  MONTH TO DATE    0.0                       0.3   -0.3      0.0
  SINCE MAR 1      T                        10.2  -10.2      3.8
  SINCE JUL 1     24.3                      37.5  -13.2     41.8
  SNOW DEPTH       0

DEGREE DAYS
 HEATING
  TODAY           11                        14     -3       20
  MONTH TO DATE   51                        89    -38       79
  SINCE MAR 1   1238                      1582   -344     1574
  SINCE JUL 1   6246                      7143   -897     7090

 COOLING
  TODAY            0                         0      0        0
  MONTH TO DATE    0                         0      0        0
  SINCE MAR 1      0                         0      0        0
  SINCE JAN 1      0                         0      0        0
..................................................................


WIND (MPH)
  HIGHEST WIND SPEED    15   HIGHEST WIND DIRECTION     W (250)
  HIGHEST GUST SPEED    20   HIGHEST GUST DIRECTION     W (250)
  AVERAGE WIND SPEED     8.1


SKY COVER
  AVERAGE SKY COVER 0.7


WEATHER CONDITIONS
 THE FOLLOWING WEATHER WAS RECORDED TODAY.
  NO SIGNIFICANT WEATHER WAS OBSERVED.


RELATIVE HUMIDITY (PERCENT)
 HIGHEST    54          1200 AM
 LOWEST     23           300 PM
 AVERAGE    39

..........................................................


THE HELENA MT CLIMATE NORMALS FOR TOMORROW
                         NORMAL    RECORD    YEAR
 MAXIMUM TEMPERATURE (F)   65        86      1992
                                             1987
 MINIMUM TEMPERATURE (F)   38        22      1885


SUNRISE AND SUNSET
MAY  6 2015...........SUNRISE   606 AM MDT   SUNSET   844 PM MDT
MAY  7 2015...........SUNRISE   605 AM MDT   SUNSET   845 PM MDT


-  INDICATES NEGATIVE NUMBERS.
R  INDICATES RECORD WAS SET OR TIED.
MM INDICATES DATA IS MISSING.
T  INDICATES TRACE AMOUNT.




$$
