000
CDUS44 KBRO 032127
CLIHRL


CLIMATE REPORT
NATIONAL WEATHER SERVICE BROWNSVILLE TX
427 PM CDT SUN MAY 3 2015


...................................

...THE HARLINGEN CLIMATE SUMMARY FOR MAY 3 2015...
VALID TODAY AS OF 0400 PM LOCAL TIME.

CLIMATE NORMAL PERIOD 1981 TO 2010
CLIMATE RECORD PERIOD 1912 TO 2015


WEATHER ITEM   OBSERVED TIME   RECORD YEAR NORMAL DEPARTURE LAST
                VALUE   (LST)  VALUE       VALUE  FROM      YEAR
                                                  NORMAL
..................................................................
TEMPERATURE (F)
 TODAY
  MAXIMUM         87    211 PM 100    2002  89     -2       90
  MINIMUM         65   1241 AM  46    1976  69     -4       53
  AVERAGE         76                        79     -3       72

PRECIPITATION (IN)
  TODAY            0.00          1.43 1972   0.08  -0.08     0.00
  MONTH TO DATE    0.00                      0.22  -0.22      T
  SINCE MAR 1      6.79                      3.18   3.61     1.95
  SINCE JAN 1      9.71                      5.65   4.06     2.95

SNOWFALL (IN)
  TODAY            0.0
  MONTH TO DATE    0.0
  SINCE MAR 1      0.0
  SINCE JUL 1      0.0
  SNOW DEPTH       0

DEGREE DAYS
 HEATING
  TODAY            0                         0      0        0
  MONTH TO DATE    0                         0      0        0
  SINCE MAR 1     74                        54     20      119
  SINCE JUL 1    767                       622    145      930

 COOLING
  TODAY           11                        14     -3        7
  MONTH TO DATE   26                        40    -14       13
  SINCE MAR 1    526                       529     -3      424
  SINCE JAN 1    585                       654    -69      535
..................................................................


WIND (MPH)
  HIGHEST WIND SPEED    23   HIGHEST WIND DIRECTION    SE (150)
  HIGHEST GUST SPEED    27   HIGHEST GUST DIRECTION    SE (150)
  AVERAGE WIND SPEED    11.1



WEATHER CONDITIONS
 THE FOLLOWING WEATHER WAS RECORDED TODAY.
  NO SIGNIFICANT WEATHER WAS OBSERVED.


RELATIVE HUMIDITY (PERCENT)
 HIGHEST   100
 LOWEST     55
 AVERAGE    78

..........................................................


THE HARLINGEN CLIMATE NORMALS FOR TOMORROW
                         NORMAL    RECORD    YEAR
 MAXIMUM TEMPERATURE (F)   89       103      1999
 MINIMUM TEMPERATURE (F)   69        50      1954
                                             1970


SUNRISE AND SUNSET
MAY  3 2015...........SUNRISE   652 AM CDT   SUNSET   803 PM CDT
MAY  4 2015...........SUNRISE   651 AM CDT   SUNSET   804 PM CDT


-  INDICATES NEGATIVE NUMBERS.
R  INDICATES RECORD WAS SET OR TIED.
MM INDICATES DATA IS MISSING.
T  INDICATES TRACE AMOUNT.




$$
