000
CDUS43 KGID 260734
CLIHSI

CLIMATE REPORT
NATIONAL WEATHER SERVICE HASTINGS NE
234 AM CDT SUN APR 26 2015


...................................

...THE HASTINGS NE CLIMATE SUMMARY FOR APRIL 25 2015...

CLIMATE NORMAL PERIOD 1981 TO 2010
CLIMATE RECORD PERIOD 1894 TO 2015


WEATHER ITEM   OBSERVED TIME   RECORD YEAR NORMAL DEPARTURE LAST
                VALUE   (LST)  VALUE       VALUE  FROM      YEAR
                                                  NORMAL
..................................................................
TEMPERATURE (F)
 YESTERDAY
  MAXIMUM         56    406 AM  92    1989  66    -10       76
  MINIMUM         47   1159 PM  28    1918  42      5       42
  AVERAGE         52                        54     -2       59

PRECIPITATION (IN)
  YESTERDAY        0.93          2.69 1904   0.09   0.84     0.00
  MONTH TO DATE    3.55                      1.94   1.61     3.56
  SINCE MAR 1      3.75                      3.73   0.02     3.71
  SINCE JAN 1      4.86                      4.63   0.23     4.42

SNOWFALL (IN)
  YESTERDAY       0.0            4.0  1907   0.1   -0.1      0.0
  MONTH TO DATE    T                         1.2   -1.2      2.2
  SINCE MAR 1      0.8                       6.4   -5.6      3.4
  SINCE JUL 1     17.0                      28.8  -11.8     21.7
  SNOW DEPTH       0

DEGREE DAYS
 HEATING
  YESTERDAY       13                        11      2        6
  MONTH TO DATE  306                       381    -75      335
  SINCE MAR 1    940                      1158   -218     1194
  SINCE JUL 1   5563                      5788   -225     6074

 COOLING
  YESTERDAY        0                         0      0        0
  MONTH TO DATE    4                         0      4        6
  SINCE MAR 1      4                         0      4        6
  SINCE JAN 1      4                         0      4        6
..................................................................


WIND (MPH)
  HIGHEST WIND SPEED    22   HIGHEST WIND DIRECTION     W (280)
  HIGHEST GUST SPEED    25   HIGHEST GUST DIRECTION     W (290)
  AVERAGE WIND SPEED    12.0


SKY COVER
  AVERAGE SKY COVER 0.8


WEATHER CONDITIONS
 THE FOLLOWING WEATHER WAS RECORDED YESTERDAY.
  THUNDERSTORM
  HEAVY RAIN
  RAIN
  LIGHT RAIN
  FOG


RELATIVE HUMIDITY (PERCENT)
 HIGHEST   100           500 AM
 LOWEST     86           400 AM
 AVERAGE    93

..........................................................


THE HASTINGS NE CLIMATE NORMALS FOR TODAY
                         NORMAL    RECORD    YEAR
 MAXIMUM TEMPERATURE (F)   66        92      1981
 MINIMUM TEMPERATURE (F)   42        25      1950


SUNRISE AND SUNSET
APRIL 26 2015.........SUNRISE   639 AM CDT   SUNSET   824 PM CDT
APRIL 27 2015.........SUNRISE   638 AM CDT   SUNSET   825 PM CDT


-  INDICATES NEGATIVE NUMBERS.
R  INDICATES RECORD WAS SET OR TIED.
MM INDICATES DATA IS MISSING.
T  INDICATES TRACE AMOUNT.




$$
