000
CDUS41 KRLX 180738
CLIHTS


CLIMATE REPORT
NATIONAL WEATHER SERVICE CHARLESTON WV
335 AM EDT SAT APR 18 2015


...................................

...THE HUNTINGTON WV CLIMATE SUMMARY FOR APRIL 17 2015...

CLIMATE NORMAL PERIOD 1981 TO 2010
CLIMATE RECORD PERIOD 1897 TO 2015


WEATHER ITEM   OBSERVED TIME   RECORD YEAR NORMAL DEPARTURE LAST
                VALUE   (LST)  VALUE       VALUE  FROM      YEAR
                                                  NORMAL
..................................................................
TEMPERATURE (F)
 YESTERDAY
  MAXIMUM         75    201 PM  87    1976  69      6       70
                                      1963
                                      1930
  MINIMUM         55    515 AM  24    1903  45     10       36
  AVERAGE         65                        57      8       53

PRECIPITATION (IN)
  YESTERDAY        T             1.52 1981   0.11  -0.11     0.00
  MONTH TO DATE    6.16                      1.89   4.27     1.27
  SINCE JAN 1     17.93                     11.83   6.10    11.74

SNOWFALL (IN)
  YESTERDAY        0.0
  MONTH TO DATE    0.0
  SINCE SEP 1     36.6
  SNOW DEPTH       0

DEGREE DAYS
 HEATING
  YESTERDAY        0                         9     -9       12
  MONTH TO DATE  122                       195    -73      145
  SINCE MAR 1    751                       791    -40      885
  SINCE JUL 1   4767                      4292    475     4646

 COOLING
  YESTERDAY        0                         1     -1        0
  MONTH TO DATE    9                        16     -7       14
  SINCE MAR 1      9                        21    -12       14
  SINCE JAN 1      9                        21    -12       14
..................................................................


WIND (MPH)
  HIGHEST WIND SPEED    12   HIGHEST WIND DIRECTION     N (340)
  HIGHEST GUST SPEED    15   HIGHEST GUST DIRECTION    SW (220)
  AVERAGE WIND SPEED     3.3


SKY COVER
  POSSIBLE SUNSHINE  MM


WEATHER CONDITIONS
 THE FOLLOWING WEATHER WAS RECORDED YESTERDAY.
  NO SIGNIFICANT WEATHER WAS OBSERVED.


RELATIVE HUMIDITY (PERCENT)
 HIGHEST    93           500 AM
 LOWEST     57           400 PM
 AVERAGE    75

..........................................................


THE HUNTINGTON WV CLIMATE NORMALS FOR TODAY
                         NORMAL    RECORD    YEAR
 MAXIMUM TEMPERATURE (F)   69        89      1955
 MINIMUM TEMPERATURE (F)   45        27      1905


SUNRISE AND SUNSET
APRIL 18 2015.........SUNRISE   651 AM EDT   SUNSET   809 PM EDT
APRIL 19 2015.........SUNRISE   649 AM EDT   SUNSET   810 PM EDT


-  INDICATES NEGATIVE NUMBERS.
R  INDICATES RECORD WAS SET OR TIED.
MM INDICATES DATA IS MISSING.
T  INDICATES TRACE AMOUNT.




$$
