000
CDUS41 KCAR 260558
CLIHUL


CLIMATE REPORT
NATIONAL WEATHER SERVICE CARIBOU, ME
156 AM EDT SUN APR 26 2015


...................................

...THE HOULTON ME CLIMATE SUMMARY FOR APRIL 25 2015...

CLIMATE NORMAL PERIOD 1981 TO 2010
CLIMATE RECORD PERIOD 1948 TO 2015


WEATHER ITEM   OBSERVED TIME   RECORD YEAR NORMAL DEPARTURE LAST
                VALUE   (LST)  VALUE       VALUE  FROM      YEAR
                                                  NORMAL
..................................................................
TEMPERATURE (F)
 YESTERDAY
  MAXIMUM         46    509 PM  81    1942  55     -9       48
  MINIMUM         33    307 AM  17    1965  32      1       28
  AVERAGE         40                        44     -4       38

PRECIPITATION (IN)
  YESTERDAY        T             0.95 1983   0.13  -0.13     0.00
  MONTH TO DATE    2.33                      3.20  -0.87     3.41
  SINCE MAR 1      3.04                      5.79  -2.75     5.89
  SINCE JAN 1      5.14                     10.65  -5.51    11.47

SNOWFALL (IN)
  YESTERDAY       MM             2.0  1977   0.1   MM       MM
  MONTH TO DATE   MM                         5.7   MM       MM
  SINCE MAR 1     MM                        23.5   MM       MM
  SINCE JUL 1     MM                        89.1   MM       MM
  SNOW DEPTH      MM

DEGREE DAYS
 HEATING
  YESTERDAY       25                        21      4       27
  MONTH TO DATE  729                       676     53      680
  SINCE MAR 1   2125                      1899    226     2181
  SINCE JUL 1   8693                      8472    221     8771

 COOLING
  YESTERDAY        0                         0      0        0
  MONTH TO DATE    0                         0      0        0
  SINCE MAR 1      0                         0      0        0
  SINCE JAN 1      0                         0      0        0
..................................................................


WIND (MPH)
  HIGHEST WIND SPEED    15   HIGHEST WIND DIRECTION     N (340)
  HIGHEST GUST SPEED    18   HIGHEST GUST DIRECTION    NW (320)
  AVERAGE WIND SPEED     4.7


SKY COVER
  POSSIBLE SUNSHINE  MM
  AVERAGE SKY COVER 1.0


WEATHER CONDITIONS
 THE FOLLOWING WEATHER WAS RECORDED YESTERDAY.
  LIGHT RAIN
  FOG
  HAZE


RELATIVE HUMIDITY (PERCENT)
 HIGHEST    96          1200 AM
 LOWEST     49           500 PM
 AVERAGE    73

..........................................................


THE HOULTON ME CLIMATE NORMALS FOR TODAY
                         NORMAL    RECORD    YEAR
 MAXIMUM TEMPERATURE (F)   56        76      1982
 MINIMUM TEMPERATURE (F)   32        17      1972


SUNRISE AND SUNSET
APRIL 26 2015.........SUNRISE   526 AM EDT   SUNSET   733 PM EDT
APRIL 27 2015.........SUNRISE   525 AM EDT   SUNSET   734 PM EDT


-  INDICATES NEGATIVE NUMBERS.
R  INDICATES RECORD WAS SET OR TIED.
MM INDICATES DATA IS MISSING.
T  INDICATES TRACE AMOUNT.




$$
