000
CDUS45 KTFX 050845
CLIHVR


CLIMATE REPORT
NATIONAL WEATHER SERVICE GREAT FALLS MT
244 AM MDT TUE MAY 5 2015


...................................

...THE HAVRE MT CLIMATE SUMMARY FOR MAY 4 2015...

CLIMATE NORMAL PERIOD 1981 TO 2010
CLIMATE RECORD PERIOD 1880 TO 2015


WEATHER ITEM   OBSERVED TIME   RECORD YEAR NORMAL DEPARTURE LAST
                VALUE   (LST)  VALUE       VALUE  FROM      YEAR
                                                  NORMAL
..................................................................
TEMPERATURE (F)
 YESTERDAY
  MAXIMUM         78    514 PM  89    1936  64     14       49
  MINIMUM         38    526 AM  17    1899  36      2       37
  AVERAGE         58                        50      8       43

PRECIPITATION (IN)
  YESTERDAY        0.00          0.71 1940   0.04  -0.04     0.10
  MONTH TO DATE    0.00                      0.17  -0.17     0.35
  SINCE OCT 1      4.06                      3.57   0.49     5.08
  SINCE JAN 1      2.49                      2.16   0.33     3.07

SNOWFALL (IN)
  YESTERDAY        0.0           0.1  1982   0.0    0.0      0.0
  MONTH TO DATE    0.0                       0.2   -0.2      0.0
  SINCE MAR 1      0.2                       9.5   -9.3      7.0
  SINCE JUL 1     20.8                      37.4  -16.6     44.4
  SNOW DEPTH       0

DEGREE DAYS
 HEATING
  YESTERDAY        7                        15     -8       22
  MONTH TO DATE   46                        62    -16       73
  SINCE MAR 1   1386                      1679   -293     1845
  SINCE JUL 1   7054                      7799   -745     8086

 COOLING
  YESTERDAY        0                         0      0        0
  MONTH TO DATE    0                         0      0        0
  SINCE MAR 1      0                         1     -1        0
  SINCE JAN 1      0                         1     -1        0
..................................................................


WIND (MPH)
  HIGHEST WIND SPEED    16   HIGHEST WIND DIRECTION    SW (210)
  HIGHEST GUST SPEED    21   HIGHEST GUST DIRECTION    SW (220)
  AVERAGE WIND SPEED     8.7


SKY COVER
  AVERAGE SKY COVER 0.0


WEATHER CONDITIONS
 THE FOLLOWING WEATHER WAS RECORDED YESTERDAY.
  NO SIGNIFICANT WEATHER WAS OBSERVED.


RELATIVE HUMIDITY (PERCENT)
 HIGHEST    70           500 AM
 LOWEST     22           300 PM
 AVERAGE    46

..........................................................


THE HAVRE MT CLIMATE NORMALS FOR TODAY
                         NORMAL    RECORD    YEAR
 MAXIMUM TEMPERATURE (F)   65        91      1911
 MINIMUM TEMPERATURE (F)   36        24      1967


SUNRISE AND SUNSET
MAY  5 2015...........SUNRISE   553 AM MDT   SUNSET   839 PM MDT
MAY  6 2015...........SUNRISE   552 AM MDT   SUNSET   841 PM MDT


-  INDICATES NEGATIVE NUMBERS.
R  INDICATES RECORD WAS SET OR TIED.
MM INDICATES DATA IS MISSING.
T  INDICATES TRACE AMOUNT.




$$
