000
CDUS43 KUNR 260832
CLIICR


CLIMATE REPORT
NATIONAL WEATHER SERVICE RAPID CITY SD
231 AM MDT SUN APR 26 2015


...................................

...THE WINNER REGIONAL AIRPORT SD CLIMATE SUMMARY FOR APRIL 25 2015...

CLIMATE NORMAL PERIOD 1981 TO 2010
CLIMATE RECORD PERIOD 9999 TO 9999


WEATHER ITEM   OBSERVED TIME   NORMAL DEPARTURE LAST
                VALUE   (LST)  VALUE  FROM      YEAR
                                      NORMAL
......................................................
TEMPERATURE (F)
 YESTERDAY
  MAXIMUM         62    421 PM  63     -1       76
  MINIMUM         49    429 AM  39     10       42
  AVERAGE         56            51      5       59

PRECIPITATION (IN)
  YESTERDAY        T             0.09  -0.09     0.00
  MONTH TO DATE    0.64          1.94  -1.30     0.15
  SINCE MAR 1      0.75          3.32  -2.57     0.19
  SINCE JAN 1      0.84          4.08  -3.24     0.27

DEGREE DAYS
 HEATING
  YESTERDAY        9            14     -5        6
  MONTH TO DATE  346           454   -108      401
  SINCE MAR 1    971          1330   -359     1351
  SINCE JUL 1   5731          6339   -608     6684

 COOLING
  YESTERDAY        0             0      0        0
  MONTH TO DATE    3             0      3        3
  SINCE MAR 1      9             0      9        3
  SINCE JAN 1      9             0      9        3
......................................................


WIND (MPH)
  HIGHEST WIND SPEED    18   HIGHEST WIND DIRECTION    SE (130)
  HIGHEST GUST SPEED    23   HIGHEST GUST DIRECTION    SE (130)
  AVERAGE WIND SPEED    10.7


SKY COVER
  AVERAGE SKY COVER 0.8


WEATHER CONDITIONS
 THE FOLLOWING WEATHER WAS RECORDED YESTERDAY.
  LIGHT RAIN
  FOG
  FOG W/VISIBILITY <= 1/4 MILE
  HAZE


RELATIVE HUMIDITY (PERCENT)
 HIGHEST    93           500 AM
 LOWEST     55           500 PM
 AVERAGE    74

..........................................................




SUNRISE AND SUNSET
APRIL 26 2015.........SUNRISE   640 AM CDT   SUNSET   835 PM CDT
APRIL 27 2015.........SUNRISE   638 AM CDT   SUNSET   836 PM CDT


-  INDICATES NEGATIVE NUMBERS.
R  INDICATES RECORD WAS SET OR TIED.
MM INDICATES DATA IS MISSING.
T  INDICATES TRACE AMOUNT.




$$
