000
CDUS43 KUNR 010836
CLIIEN


CLIMATE REPORT
NATIONAL WEATHER SERVICE RAPID CITY SD
233 AM MDT WED APR 1 2015


...................................

...THE PINE RIDGE SD CLIMATE SUMMARY FOR MARCH 31 2015...

CLIMATE NORMAL PERIOD 1981 TO 2010
CLIMATE RECORD PERIOD 9999 TO 9999


WEATHER ITEM   OBSERVED TIME   NORMAL DEPARTURE LAST
                VALUE   (LST)  VALUE  FROM      YEAR
                                      NORMAL
......................................................
TEMPERATURE (F)
 YESTERDAY
  MAXIMUM         79    332 PM  55     24       47
  MINIMUM         27    444 AM  27      0        5
  AVERAGE         53            41     12       26

PRECIPITATION (IN)
  YESTERDAY        0.00          0.04  -0.04     0.09
  MONTH TO DATE    0.18          0.87  -0.69     0.34
  SINCE MAR 1      0.18          0.87  -0.69     0.34
  SINCE JAN 1      0.64          1.66  -1.02     0.61

DEGREE DAYS
 HEATING
  YESTERDAY       12            24    -12       39
  MONTH TO DATE  707           887   -180      933
  SINCE MAR 1    707           888   -181      933
  SINCE JUL 1   5917          6238   -321     6415

 COOLING
  YESTERDAY        0             0      0        0
  MONTH TO DATE    0             0      0        0
  SINCE MAR 1      0             0      0        0
  SINCE JAN 1      0             0      0        0
......................................................


WIND (MPH)
  HIGHEST WIND SPEED    21   HIGHEST WIND DIRECTION     S (180)
  HIGHEST GUST SPEED    28   HIGHEST GUST DIRECTION     S (180)
  AVERAGE WIND SPEED     8.0


SKY COVER
  AVERAGE SKY COVER 0.0


WEATHER CONDITIONS
 THE FOLLOWING WEATHER WAS RECORDED YESTERDAY.
  HAZE


RELATIVE HUMIDITY (PERCENT)
 HIGHEST    78           100 AM
 LOWEST      9           400 PM
 AVERAGE    44

..........................................................




SUNRISE AND SUNSET
APRIL  1 2015.........SUNRISE   633 AM MDT   SUNSET   716 PM MDT
APRIL  2 2015.........SUNRISE   631 AM MDT   SUNSET   717 PM MDT


-  INDICATES NEGATIVE NUMBERS.
R  INDICATES RECORD WAS SET OR TIED.
MM INDICATES DATA IS MISSING.
T  INDICATES TRACE AMOUNT.




$$
