000
CDUS45 KVEF 250826
CLIIGM


CLIMATE REPORT
NATIONAL WEATHER SERVICE LAS VEGAS, NV
126 AM PDT SAT APR 25 2015


...................................

...THE KINGMAN AZ CLIMATE SUMMARY FOR APRIL 24 2015...

CLIMATE NORMAL PERIOD 1981 TO 2010
CLIMATE RECORD PERIOD 1901 TO 2015


WEATHER ITEM   OBSERVED TIME   RECORD YEAR NORMAL DEPARTURE LAST
                VALUE   (LST)  VALUE       VALUE  FROM      YEAR
                                                  NORMAL
..................................................................
TEMPERATURE (F)
 YESTERDAY
  MAXIMUM         72    247 PM  95    1921  76     -4       79
  MINIMUM         42    400 AM  27    1904  46     -4       40
  AVERAGE         57                        61     -4       60

PRECIPITATION (IN)
  YESTERDAY        0.00          0.18 1990   0.01  -0.01     0.00
  MONTH TO DATE    0.05                      0.36  -0.31     0.02
  SINCE OCT 1      4.88                      5.38  -0.50     1.45
  SINCE JAN 1      2.75                      3.28  -0.53     0.57

DEGREE DAYS
 HEATING
  YESTERDAY        8                         5      3        5
  MONTH TO DATE  184                       189     -5      121
  SINCE MAR 1    432                       607   -175      427
  SINCE JUL 1   2412                      3020   -608     2749

 COOLING
  YESTERDAY        0                         1     -1        0
  MONTH TO DATE    4                        17    -13       33
  SINCE MAR 1      6                        20    -14       33
  SINCE JAN 1      6                        20    -14       33
..................................................................


WIND (MPH)
  RESULTANT WIND SPEED  12   RESULTANT WIND DIRECTION   S (200)
  HIGHEST WIND SPEED    29   HIGHEST WIND DIRECTION    SW (210)
  HIGHEST GUST SPEED    37   HIGHEST GUST DIRECTION    SW (210)
  AVERAGE WIND SPEED    13.9


SKY COVER
  POSSIBLE SUNSHINE  MM
  AVERAGE SKY COVER 0.2


WEATHER CONDITIONS
 THE FOLLOWING WEATHER WAS RECORDED YESTERDAY.
  NO SIGNIFICANT WEATHER WAS OBSERVED.


RELATIVE HUMIDITY (PERCENT)
 HIGHEST    83          1200 AM
 LOWEST     25           300 PM
 AVERAGE    54

..........................................................


THE KINGMAN AZ CLIMATE NORMALS FOR TODAY
                         NORMAL    RECORD    YEAR
 MAXIMUM TEMPERATURE (F)   77        93      1997
 MINIMUM TEMPERATURE (F)   47        29      1932


SUNRISE AND SUNSET
APRIL 25 2015.........SUNRISE   551 AM MST   SUNSET   717 PM MST
APRIL 26 2015.........SUNRISE   550 AM MST   SUNSET   717 PM MST


-  INDICATES NEGATIVE NUMBERS.
R  INDICATES RECORD WAS SET OR TIED.
MM INDICATES DATA IS MISSING.
T  INDICATES TRACE AMOUNT.




$$
