000
CDUS45 KFGZ 180752
CLIINW
CLIMATE REPORT
NATIONAL WEATHER SERVICE FLAGSTAFF, AZ
1251 AM MST SAT APR 18 2015


...................................

...THE WINSLOW AZ AIRPORT CLIMATE SUMMARY FOR APRIL 17 2015...

CLIMATE NORMAL PERIOD 1981 TO 2010
CLIMATE RECORD PERIOD 1915 TO 2015


WEATHER ITEM   OBSERVED TIME   RECORD YEAR NORMAL DEPARTURE LAST
                VALUE   (LST)  VALUE       VALUE  FROM      YEAR
                                                  NORMAL
..................................................................
TEMPERATURE (F)
 YESTERDAY
  MAXIMUM         63    251 PM  86    2001  72     -9       79
                                      1989
                                      1962
  MINIMUM         34    527 AM  23    1922  37     -3       36
  AVERAGE         49                        55     -6       58

PRECIPITATION (IN)
  YESTERDAY        0.01          0.64 1988   0.00   0.01     0.00
  MONTH TO DATE    0.01                      0.17  -0.16     0.03
  SINCE SEP 1      5.15                      4.17   0.98     4.86
  SINCE JAN 1      2.30                      1.69   0.61     1.05

DEGREE DAYS
 HEATING
  YESTERDAY       16                        11      5        7
  MONTH TO DATE  207                       217    -10      191
  SINCE JUL 1   3568                      4270   -702     4049

 COOLING
  YESTERDAY        0                         0      0        0
  MONTH TO DATE    0                         0      0        0
  SINCE JAN 1      0                         0      0        0
..................................................................


WIND (MPH)
  HIGHEST WIND SPEED    21   HIGHEST WIND DIRECTION     W (290)
  HIGHEST GUST SPEED    27   HIGHEST GUST DIRECTION     W (270)
  AVERAGE WIND SPEED     7.8


SKY COVER
  POSSIBLE SUNSHINE  MM
  AVERAGE SKY COVER 0.6


WEATHER CONDITIONS
 THE FOLLOWING WEATHER WAS RECORDED YESTERDAY.
  LIGHT RAIN
  LIGHT SNOW
  FOG


RELATIVE HUMIDITY (PERCENT)
 HIGHEST    92           400 AM
 LOWEST     25           300 PM
 AVERAGE    59

..........................................................


THE WINSLOW AZ AIRPORT CLIMATE NORMALS FOR TODAY
                         NORMAL    RECORD    YEAR
 MAXIMUM TEMPERATURE (F)   73        88      1962
 MINIMUM TEMPERATURE (F)   37        21      1922


SUNRISE AND SUNSET
APRIL 18 2015.........SUNRISE   547 AM MST   SUNSET   658 PM MST
APRIL 19 2015.........SUNRISE   546 AM MST   SUNSET   659 PM MST


-  INDICATES NEGATIVE NUMBERS.
R  INDICATES RECORD WAS SET OR TIED.
MM INDICATES DATA IS MISSING.
T  INDICATES TRACE AMOUNT.




$$
