000
CDUS41 KCTP 060630
CLIIPT


CLIMATE REPORT
NATIONAL WEATHER SERVICE STATE COLLEGE PA
229 AM EDT WED MAY 6 2015


...................................

...THE WILLIAMSPORT PA CLIMATE SUMMARY FOR MAY 5 2015...

CLIMATE NORMAL PERIOD 1981 TO 2010
CLIMATE RECORD PERIOD 1895 TO 2015


WEATHER ITEM   OBSERVED TIME   RECORD YEAR NORMAL DEPARTURE LAST
                VALUE   (LST)  VALUE       VALUE  FROM      YEAR
                                                  NORMAL
..................................................................
TEMPERATURE (F)
 YESTERDAY
  MAXIMUM         77    417 PM  94    1949  68      9       66
  MINIMUM         60    425 AM  28    1966  45     15       42
  AVERAGE         69                        56     13       54

PRECIPITATION (IN)
  YESTERDAY        T             1.78 1993   0.11  -0.11     0.00
  MONTH TO DATE    T                         0.55  -0.55     0.18
  SINCE MAR 1      6.56                      6.76  -0.20     5.94
  SINCE JAN 1      9.35                     11.80  -2.45     9.74

SNOWFALL (IN)
  YESTERDAY        0.0           T    1952   0.0    0.0      0.0
  MONTH TO DATE    0.0                       0.0    0.0      0.0
  SINCE MAR 1     11.4                       8.0    3.4      0.1
  SINCE JUL 1     44.4                      36.0    8.4     45.9
  SNOW DEPTH       0

DEGREE DAYS
 HEATING
  YESTERDAY        0                         9     -9       11
  MONTH TO DATE   15                        48    -33       55
  SINCE MAR 1   1439                      1336    103     1538
  SINCE JUL 1   6076                      5803    273     6370

 COOLING
  YESTERDAY        4                         0      4        0
  MONTH TO DATE    6                         0      6        0
  SINCE MAR 1      6                         5      1        9
  SINCE JAN 1      6                         5      1        9
..................................................................


WIND (MPH)
  HIGHEST WIND SPEED     8   HIGHEST WIND DIRECTION     N (10)
  HIGHEST GUST SPEED    12   HIGHEST GUST DIRECTION     N (350)
  AVERAGE WIND SPEED     3.7


SKY COVER
  POSSIBLE SUNSHINE  MM
  AVERAGE SKY COVER 0.6


WEATHER CONDITIONS
 THE FOLLOWING WEATHER WAS RECORDED YESTERDAY.
  LIGHT RAIN
  HAZE


RELATIVE HUMIDITY (PERCENT)
 HIGHEST    78           600 AM
 LOWEST     43          1200 PM
 AVERAGE    61

..........................................................


THE WILLIAMSPORT PA CLIMATE NORMALS FOR TODAY
                         NORMAL    RECORD    YEAR
 MAXIMUM TEMPERATURE (F)   69        95      1949
 MINIMUM TEMPERATURE (F)   45        33      1968


SUNRISE AND SUNSET
MAY  6 2015...........SUNRISE   559 AM EDT   SUNSET   810 PM EDT
MAY  7 2015...........SUNRISE   558 AM EDT   SUNSET   811 PM EDT


-  INDICATES NEGATIVE NUMBERS.
R  INDICATES RECORD WAS SET OR TIED.
MM INDICATES DATA IS MISSING.
T  INDICATES TRACE AMOUNT.




$$
