000
CDUS43 KBIS 030722
CLIISN


CLIMATE REPORT
NATIONAL WEATHER SERVICE BISMARCK ND
221 AM CDT SUN MAY 3 2015


...................................

...THE WILLISTON ND CLIMATE SUMMARY FOR MAY 2 2015...

CLIMATE NORMAL PERIOD 1981 TO 2010
CLIMATE RECORD PERIOD 1894 TO 2015


WEATHER ITEM   OBSERVED TIME   RECORD YEAR NORMAL DEPARTURE LAST
                VALUE   (LST)  VALUE       VALUE  FROM      YEAR
                                                  NORMAL
..................................................................
TEMPERATURE (F)
 YESTERDAY
  MAXIMUM         78    328 PM  94    1982  64     14       62
  MINIMUM         39    523 AM  16    1911  36      3       44
  AVERAGE         59                        50      9       53

PRECIPITATION (IN)
  YESTERDAY        0.00          1.17 1894   0.05  -0.05      T
  MONTH TO DATE    0.00                      0.10  -0.10      T
  SINCE MAR 1      0.74                      1.81  -1.07     2.03
  SINCE JAN 1      1.68                      2.79  -1.11     2.47

SNOWFALL (IN)
  YESTERDAY       MM             2.0  1894   0.1   MM       MM
  MONTH TO DATE   MM                         0.2   MM       MM
  SINCE MAR 1     MM                        10.1   MM       MM
  SINCE JUL 1     MM                        44.2   MM       MM
  SNOW DEPTH      MM

DEGREE DAYS
 HEATING
  YESTERDAY        6                        15     -9       12
  MONTH TO DATE   15                        31    -16       26
  SINCE MAR 1   1487                      1788   -301     1955
  SINCE JUL 1   8003                      8556   -553     8904

 COOLING
  YESTERDAY        0                         0      0        0
  MONTH TO DATE    0                         0      0        0
  SINCE MAR 1      0                         1     -1        0
  SINCE JAN 1      0                         1     -1        0
..................................................................


WIND (MPH)
  HIGHEST WIND SPEED    25   HIGHEST WIND DIRECTION     N (10)
  HIGHEST GUST SPEED    31   HIGHEST GUST DIRECTION     N (10)
  AVERAGE WIND SPEED     8.8


SKY COVER
  POSSIBLE SUNSHINE  MM
  AVERAGE SKY COVER 0.0


WEATHER CONDITIONS
 THE FOLLOWING WEATHER WAS RECORDED YESTERDAY.
  LIGHT RAIN


RELATIVE HUMIDITY (PERCENT)
 HIGHEST    76           600 AM
 LOWEST     19           300 PM
 AVERAGE    48

..........................................................


THE WILLISTON ND CLIMATE NORMALS FOR TODAY
                         NORMAL    RECORD    YEAR
 MAXIMUM TEMPERATURE (F)   64        90      1982
                                             1952
 MINIMUM TEMPERATURE (F)   36        10      2005


SUNRISE AND SUNSET
MAY  3 2015...........SUNRISE   633 AM CDT   SUNSET   911 PM CDT
MAY  4 2015...........SUNRISE   631 AM CDT   SUNSET   912 PM CDT


-  INDICATES NEGATIVE NUMBERS.
R  INDICATES RECORD WAS SET OR TIED.
MM INDICATES DATA IS MISSING.
T  INDICATES TRACE AMOUNT.




$$
