000
CDHW43 PHFO 260230
CLIITO


CLIMATE REPORT
NATIONAL WEATHER SERVICE HONOLULU HI
430 PM HST SAT APR 25 2015


...................................

...THE HILO HI CLIMATE SUMMARY FOR APRIL 25 2015...
VALID TODAY AS OF 0400 PM LOCAL TIME.

CLIMATE NORMAL PERIOD 1981 TO 2010
CLIMATE RECORD PERIOD 1946 TO 2015


WEATHER ITEM   OBSERVED TIME   RECORD YEAR NORMAL DEPARTURE LAST
                VALUE   (LST)  VALUE       VALUE  FROM      YEAR
                                                  NORMAL
..................................................................
TEMPERATURE (F)
 TODAY
  MAXIMUM         82   1114 AM  85    1980  79      3       77
                                      1977
  MINIMUM         68    612 AM  62    2007  66      2       69
                                      1982
                                      1974
  AVERAGE         75                        72      3       73

PRECIPITATION (IN)
  TODAY            0.02          2.11 1979   0.34  -0.32     0.56
  MONTH TO DATE   13.48                      9.91   3.57    11.81
  SINCE MAR 1     22.40                     23.34  -0.94    30.54
  SINCE JAN 1     30.49                     42.16 -11.67    38.77

SNOWFALL (IN)
  TODAY            0.0
  MONTH TO DATE    0.0
  SINCE MAR 1      0.0
  SINCE JUL 1      0.0
  SNOW DEPTH       0

DEGREE DAYS
 HEATING
  TODAY            0                         0      0        0
  MONTH TO DATE    0                         0      0        0
  SINCE MAR 1      0                         0      0        0
  SINCE JUL 1      0                         0      0        0

 COOLING
  TODAY           10                         7      3        8
  MONTH TO DATE  233                       175     58      210
  SINCE MAR 1    474                       386     88      446
  SINCE JAN 1   1000                       756    244      904
..................................................................


WIND (MPH)
  HIGHEST WIND SPEED    22   HIGHEST WIND DIRECTION    SE (130)
  HIGHEST GUST SPEED    27   HIGHEST GUST DIRECTION    SE (130)
  AVERAGE WIND SPEED     8.9


SKY COVER
  POSSIBLE SUNSHINE  MM
  AVERAGE SKY COVER 0.8


WEATHER CONDITIONS
 THE FOLLOWING WEATHER WAS RECORDED TODAY.
  LIGHT RAIN
  FOG
  HAZE


RELATIVE HUMIDITY (PERCENT)
 HIGHEST    90           200 AM
 LOWEST     58          1100 AM
 AVERAGE    74

..........................................................


THE HILO HI CLIMATE NORMALS FOR TOMORROW
                         NORMAL    RECORD    YEAR
 MAXIMUM TEMPERATURE (F)   79        86      1977
                                             1962
 MINIMUM TEMPERATURE (F)   66        59      2009


SUNRISE AND SUNSET
APRIL 25 2015.........SUNRISE   555 AM HST   SUNSET   641 PM HST
APRIL 26 2015.........SUNRISE   555 AM HST   SUNSET   642 PM HST


-  INDICATES NEGATIVE NUMBERS.
R  INDICATES RECORD WAS SET OR TIED.
MM INDICATES DATA IS MISSING.
T  INDICATES TRACE AMOUNT.




$$
