000
CDUS44 KMEG 180626
CLIJBR


CLIMATE REPORT
NATIONAL WEATHER SERVICE MEMPHIS TN
125 AM CDT SAT APR 18 2015


...................................

...THE JONESBORO CLIMATE SUMMARY FOR APRIL 17 2015...

CLIMATE NORMAL PERIOD 1981 TO 2010
CLIMATE RECORD PERIOD 1897 TO 2015


WEATHER ITEM   OBSERVED TIME   RECORD YEAR NORMAL DEPARTURE LAST
                VALUE   (LST)  VALUE       VALUE  FROM      YEAR
                                                  NORMAL
..................................................................
TEMPERATURE (F)
 YESTERDAY
  MAXIMUM         74    503 PM  91    2006  71      3       67
  MINIMUM         56    340 AM  32    1951  50      6       36
  AVERAGE         65                        60      5       52

PRECIPITATION (IN)
  YESTERDAY        T             2.05 1990   0.17  -0.17     0.00
  MONTH TO DATE    5.18                      2.67   2.51     3.83
  SINCE MAR 1     12.50                      7.17   5.33     8.84
  SINCE JAN 1     17.33                     14.32   3.01    13.55

SNOWFALL (IN)
  YESTERDAY        0.0          MM      MM   0.0    0.0      0.0
  MONTH TO DATE    0.0                       0.0    0.0      0.0
  SINCE MAR 1      7.6                       0.7    6.9      3.2
  SINCE JUL 1      9.4                       4.8    4.6      5.2
  SNOW DEPTH       0

DEGREE DAYS
 HEATING
  YESTERDAY        0                         6     -6       13
  MONTH TO DATE   68                       141    -73      164
  SINCE MAR 1    633                       605     28      795
  SINCE JUL 1   3881                      3561    320     4060

 COOLING
  YESTERDAY        0                         1     -1        0
  MONTH TO DATE   23                        17      6       13
  SINCE MAR 1     23                        23      0       13
  SINCE JAN 1     23                        23      0       13
..................................................................


WIND (MPH)
  HIGHEST WIND SPEED     9   HIGHEST WIND DIRECTION    SE (120)
  HIGHEST GUST SPEED    15   HIGHEST GUST DIRECTION     N (360)
  AVERAGE WIND SPEED     4.4


SKY COVER
  POSSIBLE SUNSHINE  MM
  AVERAGE SKY COVER 0.6


WEATHER CONDITIONS
 THE FOLLOWING WEATHER WAS RECORDED YESTERDAY.
  FOG
  FOG W/VISIBILITY <= 1/4 MILE


RELATIVE HUMIDITY (PERCENT)
 HIGHEST   100          1200 AM
 LOWEST     73           400 PM
 AVERAGE    87

..........................................................


THE JONESBORO CLIMATE NORMALS FOR TODAY
                         NORMAL    RECORD    YEAR
 MAXIMUM TEMPERATURE (F)   71        94      2006
 MINIMUM TEMPERATURE (F)   50        32      1921


SUNRISE AND SUNSET
APRIL 18 2015.........SUNRISE   626 AM CDT   SUNSET   738 PM CDT
APRIL 19 2015.........SUNRISE   625 AM CDT   SUNSET   739 PM CDT


-  INDICATES NEGATIVE NUMBERS.
R  INDICATES RECORD WAS SET OR TIED.
MM INDICATES DATA IS MISSING.
T  INDICATES TRACE AMOUNT.




$$
