000
CDUS45 KBOI 250932
CLIJER


CLIMATE REPORT
NATIONAL WEATHER SERVICE BOISE ID
332 AM MDT SAT APR 25 2015


...................................

...THE JEROME ID CLIMATE SUMMARY FOR APRIL 24 2015...

CLIMATE NORMAL PERIOD 1981 TO 2010
CLIMATE RECORD PERIOD 1919 TO 2015


WEATHER ITEM   OBSERVED TIME   RECORD YEAR NORMAL DEPARTURE LAST
                VALUE   (LST)  VALUE       VALUE  FROM      YEAR
                                                  NORMAL
..................................................................
TEMPERATURE (F)
 YESTERDAY
  MAXIMUM         54    451 PM  88    1977  61     -7       60
  MINIMUM         40   1149 PM  17    1950  36      4       37
  AVERAGE         47                        48     -1       49

PRECIPITATION (IN)
  YESTERDAY        0.03          0.52 1997   0.04  -0.01     0.05
  MONTH TO DATE    0.17                      1.05  -0.88     0.33
  SINCE OCT 1      4.91                      7.59  -2.68     4.58
  SINCE JAN 1      2.01                      4.07  -2.06     3.98

DEGREE DAYS
 HEATING
  YESTERDAY       18                        17      1       16
  MONTH TO DATE  426                       454    -28      398
  SINCE MAR 1    981                      1223   -242     1098
  SINCE JUL 1   5023                      6110  -1087     5766

 COOLING
  YESTERDAY        0                         0      0        0
  MONTH TO DATE    0                         0      0        0
  SINCE MAR 1      0                         0      0        0
  SINCE JAN 1      0                         0      0        0
..................................................................


WIND (MPH)
  HIGHEST WIND SPEED    24   HIGHEST WIND DIRECTION    SW (240)
  HIGHEST GUST SPEED    29   HIGHEST GUST DIRECTION    SW (230)
  AVERAGE WIND SPEED    13.4


SKY COVER
  AVERAGE SKY COVER 0.5


WEATHER CONDITIONS
 THE FOLLOWING WEATHER WAS RECORDED YESTERDAY.
  LIGHT RAIN


RELATIVE HUMIDITY (PERCENT)
 HIGHEST    76           700 AM
 LOWEST     46           500 PM
 AVERAGE    61

..........................................................


THE JEROME ID CLIMATE NORMALS FOR TODAY
                         NORMAL    RECORD    YEAR
 MAXIMUM TEMPERATURE (F)   61        90      1977
 MINIMUM TEMPERATURE (F)   37        21      1950


SUNRISE AND SUNSET
APRIL 25 2015.........SUNRISE   641 AM MDT   SUNSET   831 PM MDT
APRIL 26 2015.........SUNRISE   640 AM MDT   SUNSET   832 PM MDT


-  INDICATES NEGATIVE NUMBERS.
R  INDICATES RECORD WAS SET OR TIED.
MM INDICATES DATA IS MISSING.
T  INDICATES TRACE AMOUNT.




$$
