000
CDUS41 KCTP 020625
CLIJST


CLIMATE REPORT
NATIONAL WEATHER SERVICE STATE COLLEGE PA
224 AM EDT THU APR 2 2015


...................................

...THE JOHNSTOWN CLIMATE SUMMARY FOR APRIL 1 2015...

CLIMATE NORMAL PERIOD 1981 TO 2010
CLIMATE RECORD PERIOD 2000 TO 2015


WEATHER ITEM   OBSERVED TIME   RECORD YEAR NORMAL DEPARTURE LAST
                VALUE   (LST)  VALUE       VALUE  FROM      YEAR
                                                  NORMAL
..................................................................
TEMPERATURE (F)
 YESTERDAY
  MAXIMUM         49    544 PM  85    1986  50     -1       69
  MINIMUM         26    625 AM   9    1923  33     -7       36
  AVERAGE         38                        42     -4       53

PRECIPITATION (IN)
  YESTERDAY        0.00          1.22 1904   0.14  -0.14     0.00
  MONTH TO DATE    0.00                      0.14  -0.14     0.00
  SINCE MAR 1      4.05                      3.43   0.62     1.95
  SINCE JAN 1      7.45                      8.66  -1.21     5.99

DEGREE DAYS
 HEATING
  YESTERDAY       27                        23      4       12
  MONTH TO DATE   27                        23      4       12
  SINCE MAR 1   1008                       936     72     1108
  SINCE JUL 1   6197                      5815    382     6436

 COOLING
  YESTERDAY        0                         0      0        0
  MONTH TO DATE    0                         0      0        0
  SINCE MAR 1      0                         0      0        0
  SINCE JAN 1      0                         0      0        0
..................................................................


WIND (MPH)
  HIGHEST WIND SPEED    17   HIGHEST WIND DIRECTION    NW (310)
  HIGHEST GUST SPEED    22   HIGHEST GUST DIRECTION    NW (320)
  AVERAGE WIND SPEED     7.8


SKY COVER
  POSSIBLE SUNSHINE  MM
  AVERAGE SKY COVER 0.2


WEATHER CONDITIONS
 THE FOLLOWING WEATHER WAS RECORDED YESTERDAY.
  NO SIGNIFICANT WEATHER WAS OBSERVED.


RELATIVE HUMIDITY (PERCENT)
 HIGHEST    84           400 AM
 LOWEST     36           600 PM
 AVERAGE    60

..........................................................


THE JOHNSTOWN CLIMATE NORMALS FOR TODAY
                         NORMAL    RECORD    YEAR
 MAXIMUM TEMPERATURE (F)   51        81      1959
 MINIMUM TEMPERATURE (F)   33        16      1907


SUNRISE AND SUNSET
APRIL  2 2015.........SUNRISE   658 AM EDT   SUNSET   741 PM EDT
APRIL  3 2015.........SUNRISE   656 AM EDT   SUNSET   742 PM EDT


-  INDICATES NEGATIVE NUMBERS.
R  INDICATES RECORD WAS SET OR TIED.
MM INDICATES DATA IS MISSING.
T  INDICATES TRACE AMOUNT.




$$
