000
CDUS45 KCYS 180738
CLILAR


CLIMATE REPORT
NATIONAL WEATHER SERVICE CHEYENNE WY
136 AM MDT SAT APR 18 2015


...................................

...THE LARAMIE WY AIRPORT CLIMATE SUMMARY FOR APRIL 17 2015...

CLIMATE NORMAL PERIOD 1981 TO 2010
CLIMATE RECORD PERIOD 1948 TO 2015


WEATHER ITEM   OBSERVED TIME   RECORD YEAR NORMAL DEPARTURE LAST
                VALUE   (LST)  VALUE       VALUE  FROM      YEAR
                                                  NORMAL
..................................................................
TEMPERATURE (F)
 YESTERDAY
  MAXIMUM         36   1242 PM  72    2006  51    -15       55
                                      1987
                                      1948
  MINIMUM         20    941 PM   0    1999  25     -5       21
  AVERAGE         28                        38    -10       38

PRECIPITATION (IN)
  YESTERDAY        0.16          0.53 1986   0.04   0.12     0.00
  MONTH TO DATE    0.78                      0.53   0.25     0.55
  SINCE JAN 1      1.74                      1.72   0.02     2.28

DEGREE DAYS
 HEATING
  YESTERDAY       37                        27     10       27
  MONTH TO DATE  471                       494    -23      496
  SINCE MAR 1   1340                      1553   -213     1493
  SINCE JUL 1   7017                      7729   -712     7537

 COOLING
  YESTERDAY        0                         0      0        0
  MONTH TO DATE    0                         0      0        0
  SINCE MAR 1      0                         0      0        0
  SINCE JAN 1      0                         0      0        0
..................................................................


WIND (MPH)
  HIGHEST WIND SPEED    33   HIGHEST WIND DIRECTION    NE (50)
  HIGHEST GUST SPEED    38   HIGHEST GUST DIRECTION    NE (50)
  AVERAGE WIND SPEED    15.9


SKY COVER
  AVERAGE SKY COVER 0.8


WEATHER CONDITIONS
 THE FOLLOWING WEATHER WAS RECORDED YESTERDAY.
  LIGHT RAIN
  HEAVY SNOW
  SNOW
  LIGHT SNOW
  FOG
  FOG W/VISIBILITY <= 1/4 MILE


RELATIVE HUMIDITY (PERCENT)
 HIGHEST   100          1200 AM
 LOWEST     75           100 PM
 AVERAGE    88

..........................................................


THE LARAMIE WY AIRPORT CLIMATE NORMALS FOR TODAY
                         NORMAL    RECORD    YEAR
 MAXIMUM TEMPERATURE (F)   52        72      1981
 MINIMUM TEMPERATURE (F)   25        -3      2013


SUNRISE AND SUNSET
APRIL 18 2015.........SUNRISE   619 AM MDT   SUNSET   746 PM MDT
APRIL 19 2015.........SUNRISE   617 AM MDT   SUNSET   747 PM MDT


-  INDICATES NEGATIVE NUMBERS.
R  INDICATES RECORD WAS SET OR TIED.
MM INDICATES DATA IS MISSING.
T  INDICATES TRACE AMOUNT.




$$
