000
CDUS45 KVEF 050830
CLILAS


CLIMATE REPORT
NATIONAL WEATHER SERVICE LAS VEGAS, NV
129 AM PDT TUE MAY 5 2015


...................................

...THE LAS VEGAS NV CLIMATE SUMMARY FOR MAY 4 2015...

CLIMATE NORMAL PERIOD 1981 TO 2010
CLIMATE RECORD PERIOD 1937 TO 2015


WEATHER ITEM   OBSERVED TIME   RECORD YEAR NORMAL DEPARTURE LAST
                VALUE   (LST)  VALUE       VALUE  FROM      YEAR
                                                  NORMAL
..................................................................
TEMPERATURE (F)
 YESTERDAY
  MAXIMUM         83   1137 AM 108    1947  85     -2       91
  MINIMUM         68   1159 PM  40    1959  62      6       76
  AVERAGE         76                        73      3       84

PRECIPITATION (IN)
  YESTERDAY        0.01          0.03 1982   0.01   0.00     0.00
  MONTH TO DATE    0.01                      0.02  -0.01     0.00
  SINCE OCT 1      2.26                      3.04  -0.78     1.72
  SINCE JAN 1      1.96                      1.91   0.05     0.30

SNOWFALL (IN)
  YESTERDAY        0.0           0.0    MM   0.0    0.0      0.0
  MONTH TO DATE    0.0                       0.0    0.0      0.0
  SINCE MAR 1      0.0                       0.0    0.0      0.0
  SINCE JUL 1      T                         0.3   -0.3      0.0
  SNOW DEPTH       0

DEGREE DAYS
 HEATING
  YESTERDAY        0                         1     -1        0
  MONTH TO DATE    0                         4     -4        0
  SINCE MAR 1    102                       256   -154      125
  SINCE JUL 1   1209                      1947   -738     1511

 COOLING
  YESTERDAY       11                         9      2       19
  MONTH TO DATE   61                        34     27       59
  SINCE MAR 1    346                       193    153      283
  SINCE JAN 1    356                       194    162      286
..................................................................


WIND (MPH)
  RESULTANT WIND SPEED   7   RESULTANT WIND DIRECTION   S (170)
  HIGHEST WIND SPEED    21   HIGHEST WIND DIRECTION    SW (210)
  HIGHEST GUST SPEED    28   HIGHEST GUST DIRECTION     E (80)
  AVERAGE WIND SPEED    10.4


SKY COVER
  POSSIBLE SUNSHINE  MM
  AVERAGE SKY COVER 0.6


WEATHER CONDITIONS
 THE FOLLOWING WEATHER WAS RECORDED YESTERDAY.
  THUNDERSTORM
  LIGHT RAIN


RELATIVE HUMIDITY (PERCENT)
 HIGHEST    44           200 PM
 LOWEST     18          1200 AM
 AVERAGE    31

..........................................................


THE LAS VEGAS NV CLIMATE NORMALS FOR TODAY
                         NORMAL    RECORD    YEAR
 MAXIMUM TEMPERATURE (F)   85       108      1947
 MINIMUM TEMPERATURE (F)   63        40      1950


SUNRISE AND SUNSET
MAY  5 2015...........SUNRISE   544 AM PDT   SUNSET   731 PM PDT
MAY  6 2015...........SUNRISE   543 AM PDT   SUNSET   732 PM PDT


-  INDICATES NEGATIVE NUMBERS.
R  INDICATES RECORD WAS SET OR TIED.
MM INDICATES DATA IS MISSING.
T  INDICATES TRACE AMOUNT.




$$
