000
CDUS46 KLOX 070114
CLILAX


CLIMATE REPORT
NATIONAL WEATHER SERVICE LOS ANGELES/OXNARD CA
614 PM PDT WED MAY 6 2015


...................................

...THE LOS ANGELES AIRPORT CLIMATE SUMMARY FOR MAY 6 2015...
VALID TODAY AS OF 0600 PM LOCAL TIME.

CLIMATE NORMAL PERIOD 1981 TO 2010
CLIMATE RECORD PERIOD 1944 TO 2015


WEATHER ITEM   OBSERVED TIME   RECORD YEAR NORMAL DEPARTURE LAST
                VALUE   (LST)  VALUE       VALUE  FROM      YEAR
                                                  NORMAL
..................................................................
TEMPERATURE (F)
 TODAY
  MAXIMUM         64    220 PM  84    1953  68     -4       66
                                      1949
  MINIMUM         58    344 AM  48    1964  56      2       54
  AVERAGE         61                        62     -1       60

PRECIPITATION (IN)
  TODAY            0.00          0.30 1955   0.00   0.00     0.00
  MONTH TO DATE    0.00                      0.06  -0.06     0.00
  SINCE OCT 1      6.82                     12.29  -5.47     4.42
  SINCE JAN 1      2.12                      8.57  -6.45     3.41

SNOWFALL (IN)
  TODAY            0.0
  MONTH TO DATE    0.0
  SINCE MAR 1      0.0
  SINCE JUL 1      0.0

DEGREE DAYS
 HEATING
  TODAY            4                         3      1        5
  MONTH TO DATE   19                        23     -4        6
  SINCE MAR 1    186                       402   -216      189
  SINCE JUL 1    719                      1331   -612      744

 COOLING
  TODAY            0                         0      0        0
  MONTH TO DATE    0                         4     -4       33
  SINCE MAR 1     86                        21     65       80
  SINCE JAN 1    113                        30     83       96
..................................................................


WIND (MPH)
  HIGHEST WIND SPEED    18   HIGHEST WIND DIRECTION     W (270)
  HIGHEST GUST SPEED    23   HIGHEST GUST DIRECTION     W (260)
  AVERAGE WIND SPEED     7.3


SKY COVER
  POSSIBLE SUNSHINE  MM
  AVERAGE SKY COVER 0.8


WEATHER CONDITIONS
 THE FOLLOWING WEATHER WAS RECORDED TODAY.
  NO SIGNIFICANT WEATHER WAS OBSERVED.


RELATIVE HUMIDITY (PERCENT)
 HIGHEST    80          1200 AM
 LOWEST     60           200 PM
 AVERAGE    70

..........................................................


THE LOS ANGELES AIRPORT CLIMATE NORMALS FOR TOMORROW
                         NORMAL    RECORD    YEAR
 MAXIMUM TEMPERATURE (F)   68        89      2007
 MINIMUM TEMPERATURE (F)   56        45      1964


SUNRISE AND SUNSET
MAY  6 2015...........SUNRISE   600 AM PDT   SUNSET   741 PM PDT
MAY  7 2015...........SUNRISE   559 AM PDT   SUNSET   742 PM PDT


-  INDICATES NEGATIVE NUMBERS.
R  INDICATES RECORD WAS SET OR TIED.
MM INDICATES DATA IS MISSING.
T  INDICATES TRACE AMOUNT.




$$
