000
CDUS44 KLUB 280626
CLILBB


CLIMATE REPORT
NATIONAL WEATHER SERVICE LUBBOCK, TX
125 AM CDT TUE APR 28 2015


...................................

...THE LUBBOCK CLIMATE SUMMARY FOR APRIL 27 2015...

CLIMATE NORMAL PERIOD 1981 TO 2010
CLIMATE RECORD PERIOD 1911 TO 2015


WEATHER ITEM   OBSERVED TIME   RECORD YEAR NORMAL DEPARTURE LAST
                VALUE   (LST)  VALUE       VALUE  FROM      YEAR
                                                  NORMAL
..................................................................
TEMPERATURE (F)
 YESTERDAY
  MAXIMUM         54    815 AM  97    1996  79    -25       76
  MINIMUM         42   1159 PM  27    1920  50     -8       50
  AVERAGE         48                        64    -16       63

PRECIPITATION (IN)
  YESTERDAY        0.50          0.98 1957   0.06   0.44     0.00
  MONTH TO DATE    1.24                      1.23   0.01     0.57
  SINCE MAR 1      1.54                      2.33  -0.79     0.74
  SINCE JAN 1      3.81                      3.73   0.08     0.90

SNOWFALL (IN)
  YESTERDAY        0.0           T    2002   0.0    0.0      0.0
                                      1994
  MONTH TO DATE    0.0                       0.2   -0.2       T
  SINCE MAR 1      1.1                       0.8    0.3       T
  SINCE JUL 1     14.7                       8.2    6.5      4.2
  SNOW DEPTH       0

DEGREE DAYS
 HEATING
  YESTERDAY       17                         4     13        2
  MONTH TO DATE  107                       173    -66      144
  SINCE MAR 1    487                       588   -101      584
  SINCE JUL 1   3206                      3327   -121     3436

 COOLING
  YESTERDAY        0                         3     -3        0
  MONTH TO DATE   52                        41     11       55
  SINCE MAR 1     55                        48      7       58
  SINCE JAN 1     55                        48      7       58
..................................................................


WIND (MPH)
  RESULTANT WIND SPEED  17   RESULTANT WIND DIRECTION   N (10)
  HIGHEST WIND SPEED    29   HIGHEST WIND DIRECTION     N (10)
  HIGHEST GUST SPEED    37   HIGHEST GUST DIRECTION     N (20)
  AVERAGE WIND SPEED    18.2


SKY COVER
  AVERAGE SKY COVER 1.0


WEATHER CONDITIONS
 THE FOLLOWING WEATHER WAS RECORDED YESTERDAY.
  RAIN
  LIGHT RAIN
  FOG


RELATIVE HUMIDITY (PERCENT)
 HIGHEST    96           400 AM
 LOWEST     83           800 AM
 AVERAGE    90

..........................................................


THE LUBBOCK CLIMATE NORMALS FOR TODAY
                         NORMAL    RECORD    YEAR
 MAXIMUM TEMPERATURE (F)   79        94      1992
 MINIMUM TEMPERATURE (F)   50        35      1994
                                             1921


SUNRISE AND SUNSET
APRIL 28 2015.........SUNRISE   702 AM CDT   SUNSET   828 PM CDT
APRIL 29 2015.........SUNRISE   701 AM CDT   SUNSET   829 PM CDT


-  INDICATES NEGATIVE NUMBERS.
R  INDICATES RECORD WAS SET OR TIED.
MM INDICATES DATA IS MISSING.
T  INDICATES TRACE AMOUNT.




$$
