000
CDUS42 KILM 260841
CLILBT


CLIMATE REPORT
NATIONAL WEATHER SERVICE WILMINGTON NC
441 AM EDT SUN APR 26 2015


...................................

...THE LUMBERTON NC CLIMATE SUMMARY FOR APRIL 25 2015...

CLIMATE NORMAL PERIOD 1981 TO 2010
CLIMATE RECORD PERIOD 9999 TO 9999


WEATHER ITEM   OBSERVED TIME   NORMAL DEPARTURE LAST
                VALUE   (LST)  VALUE  FROM      YEAR
                                      NORMAL
......................................................
TEMPERATURE (F)
 YESTERDAY
  MAXIMUM         66    651 PM  77    -11       84
  MINIMUM         51    242 AM  51      0       49
  AVERAGE         59            64     -5       67

PRECIPITATION (IN)
  YESTERDAY        0.12          0.09   0.03     0.00
  MONTH TO DATE    2.05          2.44  -0.39     3.12
  SINCE MAR 1      5.53          5.77  -0.24     6.54
  SINCE JAN 1     14.99         11.64   3.35    12.61

SNOWFALL (IN)
  YESTERDAY       MM
  MONTH TO DATE   MM
  SINCE MAR 1     MM
  SINCE JUL 1     MM
  SNOW DEPTH      MM

DEGREE DAYS
 HEATING
  YESTERDAY        6             3      3        0
  MONTH TO DATE   66           138    -72      120
  SINCE MAR 1    370           484   -114      632
  SINCE JUL 1   2734          2714     20     2928

 COOLING
  YESTERDAY        0             2     -2        2
  MONTH TO DATE   78            42     36       22
  SINCE MAR 1     93            52     41       23
  SINCE JAN 1     93            55     38       24
......................................................


WIND (MPH)
  HIGHEST WIND SPEED    15   HIGHEST WIND DIRECTION    SW (240)
  HIGHEST GUST SPEED    21   HIGHEST GUST DIRECTION    SW (230)
  AVERAGE WIND SPEED     4.1


SKY COVER
  POSSIBLE SUNSHINE  MM
  AVERAGE SKY COVER 0.8


WEATHER CONDITIONS
 THE FOLLOWING WEATHER WAS RECORDED YESTERDAY.
  LIGHT RAIN
  FOG
  FOG W/VISIBILITY <= 1/4 MILE


RELATIVE HUMIDITY (PERCENT)
 HIGHEST    93          1100 AM
 LOWEST     64           800 AM
 AVERAGE    79

..........................................................


THE LUMBERTON NC CLIMATE NORMALS FOR TODAY
                         NORMAL
 MAXIMUM TEMPERATURE (F)   77
 MINIMUM TEMPERATURE (F)   51


SUNRISE AND SUNSET
APRIL 26 2015.........SUNRISE   632 AM EDT   SUNSET   757 PM EDT
APRIL 27 2015.........SUNRISE   631 AM EDT   SUNSET   758 PM EDT


-  INDICATES NEGATIVE NUMBERS.
R  INDICATES RECORD WAS SET OR TIED.
MM INDICATES DATA IS MISSING.
T  INDICATES TRACE AMOUNT.




$$
