000
CDUS44 KLCH 030900
CLILCH


CLIMATE REPORT
NATIONAL WEATHER SERVICE LAKE CHARLES, LA
359 AM CDT SUN MAY 3 2015


...................................

...THE LAKE CHARLES CLIMATE SUMMARY FOR MAY 2 2015...

CLIMATE NORMAL PERIOD 1981 TO 2010
CLIMATE RECORD PERIOD 1895 TO 2015


WEATHER ITEM   OBSERVED TIME   RECORD YEAR NORMAL DEPARTURE LAST
                VALUE   (LST)  VALUE       VALUE  FROM      YEAR
                                                  NORMAL
..................................................................
TEMPERATURE (F)
 YESTERDAY
  MAXIMUM         82    142 PM  90    2010  82      0       80
  MINIMUM         60    548 AM  45    1925  63     -3       50
  AVERAGE         71                        72     -1       65

PRECIPITATION (IN)
  YESTERDAY        0.00          4.00 1916   0.13  -0.13     0.00
  MONTH TO DATE    0.00                      0.27  -0.27      T
  SINCE MAR 1     19.39                      7.26  12.13     2.92
  SINCE JAN 1     27.87                     15.95  11.92     9.71

SNOWFALL (IN)
  YESTERDAY        0.0           0.0    MM   0.0    0.0      0.0
  MONTH TO DATE    0.0                       0.0    0.0      0.0
  SINCE MAR 1      T                         0.0    0.0      0.0
  SINCE JUL 1      T                         0.1   -0.1      0.1
  SNOW DEPTH       0

DEGREE DAYS
 HEATING
  YESTERDAY        0                         0      0        0
  MONTH TO DATE    0                         0      0        5
  SINCE MAR 1    105                       207   -102      304
  SINCE JUL 1   1543                      1489     54     1955

 COOLING
  YESTERDAY        6                         7     -1        0
  MONTH TO DATE   13                        14     -1        0
  SINCE MAR 1    266                       199     67      154
  SINCE JAN 1    272                       222     50      169
..................................................................


WIND (MPH)
  HIGHEST WIND SPEED    13   HIGHEST WIND DIRECTION    SW (220)
  HIGHEST GUST SPEED    17   HIGHEST GUST DIRECTION    SW (210)
  AVERAGE WIND SPEED     3.3


SKY COVER
  POSSIBLE SUNSHINE  MM
  AVERAGE SKY COVER 0.3


WEATHER CONDITIONS
 THE FOLLOWING WEATHER WAS RECORDED YESTERDAY.
  NO SIGNIFICANT WEATHER WAS OBSERVED.


RELATIVE HUMIDITY (PERCENT)
 HIGHEST    93          1100 PM
 LOWEST     42           100 PM
 AVERAGE    68

..........................................................


THE LAKE CHARLES CLIMATE NORMALS FOR TODAY
                         NORMAL    RECORD    YEAR
 MAXIMUM TEMPERATURE (F)   82        96      1984
 MINIMUM TEMPERATURE (F)   63        45      2013
                                             1929


SUNRISE AND SUNSET
MAY  3 2015...........SUNRISE   628 AM CDT   SUNSET   752 PM CDT
MAY  4 2015...........SUNRISE   627 AM CDT   SUNSET   752 PM CDT


-  INDICATES NEGATIVE NUMBERS.
R  INDICATES RECORD WAS SET OR TIED.
MM INDICATES DATA IS MISSING.
T  INDICATES TRACE AMOUNT.




$$
