000
CDUS43 KLMK 210629
CLILEX


CLIMATE REPORT
NATIONAL WEATHER SERVICE LOUISVILLE KY
227 AM EDT TUE APR 21 2015


...................................

...THE LEXINGTON KY CLIMATE SUMMARY FOR APRIL 20 2015...

CLIMATE NORMAL PERIOD 1981 TO 2010
CLIMATE RECORD PERIOD 1872 TO 2015


WEATHER ITEM   OBSERVED TIME   RECORD YEAR NORMAL DEPARTURE LAST
                VALUE   (LST)  VALUE       VALUE  FROM      YEAR
                                                  NORMAL
..................................................................
TEMPERATURE (F)
 YESTERDAY
  MAXIMUM         63   1106 AM  85    1957  67     -4       76
                                      1915
                                      1896
  MINIMUM         49   1159 PM  25    1983  46      3       46
  AVERAGE         56                        57     -1       61

PRECIPITATION (IN)
  YESTERDAY        0.09          1.83 1920   0.13  -0.04     0.00
  MONTH TO DATE   10.57                      2.28   8.29     2.00
  SINCE MAR 1     18.03                      6.35  11.68     4.89
  SINCE JAN 1     22.88                     12.75  10.13    11.93

SNOWFALL (IN)
  YESTERDAY        0.0           0.1  1953   0.0    0.0      0.0
  MONTH TO DATE    0.0                       0.3   -0.3      0.3
  SINCE MAR 1     17.1                       1.7   15.4      7.8
  SINCE JUL 1     40.0                      13.0   27.0     27.1
  SNOW DEPTH       0

DEGREE DAYS
 HEATING
  YESTERDAY        9                         9      0        4
  MONTH TO DATE  119                       236   -117      168
  SINCE MAR 1    768                       841    -73      884
  SINCE JUL 1   4746                      4412    334     4727

 COOLING
  YESTERDAY        0                         1     -1        0
  MONTH TO DATE   12                        11      1       11
  SINCE MAR 1     12                        13     -1       11
  SINCE JAN 1     12                        13     -1       11
..................................................................


WIND (MPH)
  HIGHEST WIND SPEED    25   HIGHEST WIND DIRECTION     W (270)
  HIGHEST GUST SPEED    33   HIGHEST GUST DIRECTION     W (270)
  AVERAGE WIND SPEED    13.0


SKY COVER
  POSSIBLE SUNSHINE  MM
  AVERAGE SKY COVER 0.9


WEATHER CONDITIONS
 THE FOLLOWING WEATHER WAS RECORDED YESTERDAY.
  LIGHT RAIN
  FOG


RELATIVE HUMIDITY (PERCENT)
 HIGHEST    97          1200 AM
 LOWEST     52          1100 PM
 AVERAGE    75

..........................................................


THE LEXINGTON KY CLIMATE NORMALS FOR TODAY
                         NORMAL    RECORD    YEAR
 MAXIMUM TEMPERATURE (F)   68        86      1963
 MINIMUM TEMPERATURE (F)   46        26      1875


SUNRISE AND SUNSET
APRIL 21 2015.........SUNRISE   655 AM EDT   SUNSET   820 PM EDT
APRIL 22 2015.........SUNRISE   654 AM EDT   SUNSET   821 PM EDT


-  INDICATES NEGATIVE NUMBERS.
R  INDICATES RECORD WAS SET OR TIED.
MM INDICATES DATA IS MISSING.
T  INDICATES TRACE AMOUNT.

$$

SCHOETTMER
