000
CDUS45 KPIH 181551
CLILLJ

CLIMATE REPORT
NATIONAL WEATHER SERVICE POCATELLO ID
705 AM MDT SAT APR 18 2015


...................................

...THE CHALLIS ID CLIMATE SUMMARY FOR APRIL 17 2015...

CLIMATE NORMAL PERIOD 1981 TO 2010
CLIMATE RECORD PERIOD 1898 TO 2015


WEATHER ITEM   OBSERVED TIME   RECORD YEAR NORMAL DEPARTURE LAST
                VALUE   (LST)  VALUE       VALUE  FROM      YEAR
                                                  NORMAL
..................................................................
TEMPERATURE (F)
 YESTERDAY
  MAXIMUM         70    457 PM  79    1994  58     12       67
  MINIMUM         25    428 AM  16    2013  30     -5       27
  AVERAGE         48                        44      4       47

PRECIPITATION (IN)
  YESTERDAY        0.00          0.23 1978   0.03  -0.03     0.00
  MONTH TO DATE    0.29                      0.41  -0.12     0.58
  SINCE OCT 1      2.86                      4.18  -1.32     2.99
  SINCE JAN 1      1.07                      2.25  -1.18     2.26

SNOWFALL (IN)
  YESTERDAY          M
  MONTH TO DATE      M
  SINCE MAR 1        M
  SINCE JUL 1        M
  SNOW DEPTH         M

DEGREE DAYS
 HEATING
  YESTERDAY       17                        21     -4       18
  MONTH TO DATE  423                       390     33      370
  SINCE MAR 1   1121                      1286   -165     1223
  SINCE JUL 1   6259                      7335  -1076     6972

 COOLING
  YESTERDAY        0                         0      0        0
  MONTH TO DATE    0                         0      0        0
  SINCE MAR 1      0                         0      0        0
  SINCE JAN 1      0                         0      0        0
..................................................................


WIND (MPH)
  HIGHEST WIND SPEED    16   HIGHEST WIND DIRECTION     N (340)
  HIGHEST GUST SPEED    19   HIGHEST GUST DIRECTION     N (340)
  AVERAGE WIND SPEED     3.0


SKY COVER
  POSSIBLE SUNSHINE  MM
  AVERAGE SKY COVER 0.0


WEATHER CONDITIONS
 THE FOLLOWING WEATHER WAS RECORDED YESTERDAY.
  NO SIGNIFICANT WEATHER WAS OBSERVED.


RELATIVE HUMIDITY (PERCENT)
 HIGHEST    63           400 AM
 LOWEST      9           300 PM
 AVERAGE    36

..........................................................


THE CHALLIS ID CLIMATE NORMALS FOR TODAY
                         NORMAL    RECORD    YEAR
 MAXIMUM TEMPERATURE (F)   58        80      1994
 MINIMUM TEMPERATURE (F)   30        14      2013


SUNRISE AND SUNSET
APRIL 18 2015.........SUNRISE   648 AM MDT   SUNSET   825 PM MDT
APRIL 19 2015.........SUNRISE   646 AM MDT   SUNSET   826 PM MDT


-  INDICATES NEGATIVE NUMBERS.
R  INDICATES RECORD WAS SET OR TIED.
MM INDICATES DATA IS MISSING.
T  INDICATES TRACE AMOUNT.

$$
