000
CDUS46 KMFR 020038
CLILMT


CLIMATE REPORT
NATIONAL WEATHER SERVICE MEDFORD, OR
537 PM PDT WED APR 1 2015


...................................

...THE KLAMATH FALLS OR CLIMATE SUMMARY FOR APRIL 1 2015...
VALID TODAY AS OF 0500 PM LOCAL TIME.

CLIMATE NORMAL PERIOD 1981 TO 2010
CLIMATE RECORD PERIOD 1928 TO 2015


WEATHER ITEM   OBSERVED TIME   RECORD YEAR NORMAL DEPARTURE LAST
                VALUE   (LST)  VALUE       VALUE  FROM      YEAR
                                                  NORMAL
..................................................................
TEMPERATURE (F)
 TODAY
  MAXIMUM         49    227 PM  73    1987  53     -4       43
  MINIMUM         18    519 AM  11    1982  27     -9       21
  AVERAGE         34                        40     -6       32

PRECIPITATION (IN)
  TODAY            0.00          0.74 1974   0.03  -0.03      T
  MONTH TO DATE    0.00                      0.03  -0.03      T
  SINCE OCT 1      9.98                      9.76   0.22     5.22
  SINCE JAN 1      3.52                      5.07  -1.55     4.59

SNOWFALL (IN)
  TODAY           MM                        MM     MM       MM
  MONTH TO DATE   MM                        MM     MM       MM
  SINCE JUL 1     MM                        MM     MM        0.0
  SNOW DEPTH      MM

DEGREE DAYS
 HEATING
  TODAY           31                        25      6       33
  MONTH TO DATE   31                        25      6       33
  SINCE MAR 1    677                       846   -169      747
  SINCE JUL 1   4251                      5687  -1436     5530

 COOLING
  TODAY            0                         0      0        0
  MONTH TO DATE    0                         0      0        0
  SINCE MAR 1      0                         0      0        0
  SINCE JAN 1      0                         0      0        0
..................................................................


WIND (MPH)
  HIGHEST WIND SPEED    18   HIGHEST WIND DIRECTION     W (270)
  HIGHEST GUST SPEED    26   HIGHEST GUST DIRECTION    NW (310)
  AVERAGE WIND SPEED     4.7


SKY COVER
  POSSIBLE SUNSHINE  MM
  AVERAGE SKY COVER 0.2


WEATHER CONDITIONS
 THE FOLLOWING WEATHER WAS RECORDED TODAY.
  FOG


RELATIVE HUMIDITY (PERCENT)
 HIGHEST    91           500 AM
 LOWEST     34           200 PM

..........................................................


THE KLAMATH FALLS OR CLIMATE NORMALS FOR TOMORROW
                         NORMAL    RECORD    YEAR
 MAXIMUM TEMPERATURE (F)   53        76      1992
 MINIMUM TEMPERATURE (F)   27        14      1963


SUNRISE AND SUNSET
APRIL  1 2015.........SUNRISE   650 AM PDT   SUNSET   733 PM PDT
APRIL  2 2015.........SUNRISE   648 AM PDT   SUNSET   734 PM PDT


-  INDICATES NEGATIVE NUMBERS.
R  INDICATES RECORD WAS SET OR TIED.
MM INDICATES DATA IS MISSING.
T  INDICATES TRACE AMOUNT.




$$
