000
CDUS43 KLOT 060645
CLILOT


CLIMATE REPORT
NATIONAL WEATHER SERVICE CHICAGO IL
145 AM CDT WED MAY 6 2015


...................................

...THE ROMEOVILLE  WFO CLIMATE SUMMARY FOR MAY 5 2015...

CLIMATE NORMAL PERIOD 1981 TO 2010
CLIMATE RECORD PERIOD 1992 TO 2015


WEATHER ITEM   OBSERVED RECORD YEAR NORMAL DEPARTURE LAST
                VALUE   VALUE       VALUE  FROM      YEAR
                                           NORMAL
...........................................................
TEMPERATURE (F)
 YESTERDAY
  MAXIMUM         66     84    2000  68     -2       59
  MINIMUM         51     32    1992  46      5       43
  AVERAGE         59                 57      2       51

PRECIPITATION (IN)
  YESTERDAY        0.78R  0.15 2011   0.14   0.64      T
  MONTH TO DATE    0.88               0.72   0.16     0.14
  SINCE MAR 1      5.13               7.45  -2.32     6.06
  SINCE JAN 1      7.97              11.16  -3.19    10.92

DEGREE DAYS
 HEATING
  YESTERDAY        6                  9     -3
  MONTH TO DATE   20                 46    -26
  SINCE MAR 1   1339               1312     27
  SINCE JUL 1   6584               6040    544

 COOLING
  YESTERDAY        0                  1     -1
  MONTH TO DATE    4                  3      1
  SINCE MAR 1      4                  8     -4
  SINCE JAN 1      4                  8     -4
...........................................................







THE ROMEOVILLE  WFO CLIMATE NORMALS FOR TODAY
                         NORMAL    RECORD    YEAR
 MAXIMUM TEMPERATURE (F)   68        86      2004
                                             2000
 MINIMUM TEMPERATURE (F)   47        30      1992


SUNRISE AND SUNSET
MAY  6 2015...........SUNRISE   543 AM CDT   SUNSET   755 PM CDT
MAY  7 2015...........SUNRISE   542 AM CDT   SUNSET   756 PM CDT


-  INDICATES NEGATIVE NUMBERS.
R  INDICATES RECORD WAS SET OR TIED.
MM INDICATES DATA IS MISSING.
T  INDICATES TRACE AMOUNT.




$$
