000
CDUS43 KLMK 270628
CLILOU


CLIMATE REPORT
NATIONAL WEATHER SERVICE LOUISVILLE KY
228 AM EDT MON APR 27 2015


...................................

...THE LOUISVILLE BOWMAN KY CLIMATE SUMMARY FOR APRIL 26 2015...

CLIMATE NORMAL PERIOD 1981 TO 2010
CLIMATE RECORD PERIOD 9999 TO 9999


WEATHER ITEM   OBSERVED TIME   RECORD YEAR NORMAL DEPARTURE LAST
                VALUE   (LST)  VALUE       VALUE  FROM      YEAR
                                                  NORMAL
..................................................................
TEMPERATURE (F)
 YESTERDAY
  MAXIMUM         64    409 PM  MM      MM  71     -7       81
  MINIMUM         45    803 AM  MM      MM  50     -5       49
  AVERAGE         55                        60     -5       65

PRECIPITATION (IN)
  YESTERDAY        0.03         MM      MM   0.17  -0.14     0.00
  MONTH TO DATE    9.83                      3.41   6.42     4.85
  SINCE MAR 1     16.57                      7.57   9.00     7.03
  SINCE JAN 1     19.35                     14.13   5.22    12.80

SNOWFALL (IN)
  YESTERDAY       MM            MM      MM  MM     MM       MM
  MONTH TO DATE   MM                        MM     MM       MM
  SINCE MAR 1     MM                        MM     MM       MM
  SINCE JUL 1     MM                        MM     MM       MM
  SNOW DEPTH      MM

DEGREE DAYS
 HEATING
  YESTERDAY       10                         6      4        0
  MONTH TO DATE  162                       248    -86      152
  SINCE MAR 1    754                       810    -56      829
  SINCE JUL 1   4538                      4171    367     4638

 COOLING
  YESTERDAY        0                         1     -1        0
  MONTH TO DATE   21                        26     -5       23
  SINCE MAR 1     21                        30     -9       23
  SINCE JAN 1     21                        30     -9       23
..................................................................


WIND (MPH)
  HIGHEST WIND SPEED    15   HIGHEST WIND DIRECTION    NW (320)
  HIGHEST GUST SPEED    22   HIGHEST GUST DIRECTION     N (340)
  AVERAGE WIND SPEED     8.0


SKY COVER
  POSSIBLE SUNSHINE  MM
  AVERAGE SKY COVER 0.4


WEATHER CONDITIONS
 THE FOLLOWING WEATHER WAS RECORDED YESTERDAY.
  LIGHT RAIN
  FOG


RELATIVE HUMIDITY (PERCENT)
 HIGHEST    93           100 AM
 LOWEST     31           400 PM
 AVERAGE    62

..........................................................


THE LOUISVILLE BOWMAN KY CLIMATE NORMALS FOR TODAY
                         NORMAL
 MAXIMUM TEMPERATURE (F)   71
 MINIMUM TEMPERATURE (F)   51


SUNRISE AND SUNSET
APRIL 27 2015.........SUNRISE   651 AM EDT   SUNSET   830 PM EDT
APRIL 28 2015.........SUNRISE   650 AM EDT   SUNSET   831 PM EDT


-  INDICATES NEGATIVE NUMBERS.
R  INDICATES RECORD WAS SET OR TIED.
MM INDICATES DATA IS MISSING.
T  INDICATES TRACE AMOUNT.




$$
