000
CDUS43 KILX 062129
CLILWV


CLIMATE REPORT
NATIONAL WEATHER SERVICE LINCOLN IL
429 PM CDT WED MAY 6 2015


...................................

...THE LAWRENCEVILLE IL AIRPORT CLIMATE SUMMARY FOR MAY 6 2015...
VALID TODAY AS OF 0400 PM LOCAL TIME.

CLIMATE NORMAL PERIOD 1981 TO 2010
CLIMATE RECORD PERIOD 9999 TO 9999


WEATHER ITEM   OBSERVED TIME   RECORD YEAR NORMAL DEPARTURE LAST
                VALUE   (LST)  VALUE       VALUE  FROM      YEAR
                                                  NORMAL
..................................................................
TEMPERATURE (F)
 TODAY
  MAXIMUM         87   1248 PM  MM      MM  74     13       86
  MINIMUM         59    522 AM  MM      MM  53      6       57
  AVERAGE         73                        63     10       72

PRECIPITATION (IN)
  TODAY            0.00         MM      MM   0.20  -0.20     0.00
  MONTH TO DATE    T                         1.22  -1.22      T
  SINCE MAR 1     11.07                      8.81   2.26     9.17
  SINCE JAN 1     13.57                     13.20   0.37    11.93

DEGREE DAYS
 HEATING
  TODAY            0                         4     -4        0
  MONTH TO DATE   13                        26    -13       39
  SINCE MAR 1    993                       942     51     1079
  SINCE JUL 1   5267                      4617    650     5481

 COOLING
  TODAY            8                         2      6        7
  MONTH TO DATE   24                        10     14       11
  SINCE MAR 1     31                        36     -5       21
  SINCE JAN 1     31                        36     -5       21
..................................................................


WIND (MPH)
  HIGHEST WIND SPEED    15   HIGHEST WIND DIRECTION     S (170)
  HIGHEST GUST SPEED    23   HIGHEST GUST DIRECTION     S (180)
  AVERAGE WIND SPEED     4.8


SKY COVER
  POSSIBLE SUNSHINE  MM
  AVERAGE SKY COVER 0.1


WEATHER CONDITIONS
 THE FOLLOWING WEATHER WAS RECORDED TODAY.
  NO SIGNIFICANT WEATHER WAS OBSERVED.


RELATIVE HUMIDITY (PERCENT)
 HIGHEST    87           500 AM
 LOWEST     32           100 PM
 AVERAGE    60

..........................................................


THE LAWRENCEVILLE IL AIRPORT CLIMATE NORMALS FOR TOMORROW
                         NORMAL    RECORD    YEAR
 MAXIMUM TEMPERATURE (F)   74        MM        MM
 MINIMUM TEMPERATURE (F)   53        MM        MM


SUNRISE AND SUNSET
MAY  6 2015...........SUNRISE   547 AM CDT   SUNSET   747 PM CDT
MAY  7 2015...........SUNRISE   546 AM CDT   SUNSET   748 PM CDT


-  INDICATES NEGATIVE NUMBERS.
R  INDICATES RECORD WAS SET OR TIED.
MM INDICATES DATA IS MISSING.
T  INDICATES TRACE AMOUNT.




$$
