000
CDUS41 KRNK 202125
CLILYH


CLIMATE REPORT
NATIONAL WEATHER SERVICE BLACKSBURG VA
524 PM EDT MON APR 20 2015


...................................

...THE LYNCHBURG VA CLIMATE SUMMARY FOR APRIL 20 2015...
VALID TODAY AS OF 0500 PM LOCAL TIME.

CLIMATE NORMAL PERIOD 1981 TO 2010
CLIMATE RECORD PERIOD 1893 TO 2015


WEATHER ITEM   OBSERVED TIME   RECORD YEAR NORMAL DEPARTURE LAST
                VALUE   (LST)  VALUE       VALUE  FROM      YEAR
                                                  NORMAL
..................................................................
TEMPERATURE (F)
 TODAY
  MAXIMUM         78    212 PM  91    1985  70      8       71
  MINIMUM         59    610 AM  30    1997  44     15       50
  AVERAGE         69                        57     12       61

PRECIPITATION (IN)
  TODAY            0.18          1.20 1901   0.10   0.08     0.00
  MONTH TO DATE    3.59                      2.21   1.38     3.41
  SINCE MAR 1      6.87                      5.79   1.08     6.34
  SINCE JAN 1     11.25                     11.86  -0.61    13.42

SNOWFALL (IN)
  TODAY            0.0
  MONTH TO DATE    0.0
  SINCE MAR 1      2.5
  SINCE JUL 1     22.9
  SNOW DEPTH       0

DEGREE DAYS
 HEATING
  TODAY            0                         9     -9        4
  MONTH TO DATE  136                       227    -91      142
  SINCE MAR 1    746                       822    -76      792
  SINCE JUL 1   4435                      4246    189     4306

 COOLING
  TODAY            4                         1      3        0
  MONTH TO DATE    8                         8      0       19
  SINCE MAR 1      8                        10     -2       19
  SINCE JAN 1      8                        10     -2       19
..................................................................


WIND (MPH)
  HIGHEST WIND SPEED    30   HIGHEST WIND DIRECTION     S (190)
  HIGHEST GUST SPEED    40   HIGHEST GUST DIRECTION     S (190)
  AVERAGE WIND SPEED    11.4


SKY COVER
  POSSIBLE SUNSHINE  MM
  AVERAGE SKY COVER 0.8


WEATHER CONDITIONS
 THE FOLLOWING WEATHER WAS RECORDED TODAY.
  RAIN
  LIGHT RAIN
  FOG


RELATIVE HUMIDITY (PERCENT)
 HIGHEST   100           100 AM
 LOWEST     50           300 PM
 AVERAGE    75

..........................................................


THE LYNCHBURG VA CLIMATE NORMALS FOR TOMORROW
                         NORMAL    RECORD    YEAR
 MAXIMUM TEMPERATURE (F)   70        91      1985
                                             1957
 MINIMUM TEMPERATURE (F)   44        27      1983


SUNRISE AND SUNSET
APRIL 20 2015.........SUNRISE   636 AM EDT   SUNSET   756 PM EDT
APRIL 21 2015.........SUNRISE   634 AM EDT   SUNSET   757 PM EDT


-  INDICATES NEGATIVE NUMBERS.
R  INDICATES RECORD WAS SET OR TIED.
MM INDICATES DATA IS MISSING.
T  INDICATES TRACE AMOUNT.




$$
