000
CDUS46 KHNX 060822
CLIMAE


CLIMATE REPORT
NATIONAL WEATHER SERVICE SAN JOAQUIN VALLEY, CA
122 AM PDT WED MAY 6 2015


...................................

...THE MADERA CA AIRPORT CLIMATE SUMMARY FOR MAY 5 2015...

CLIMATE NORMAL PERIOD 1981 TO 2010
CLIMATE RECORD PERIOD 1998 TO 2015


WEATHER ITEM   OBSERVED TIME   RECORD YEAR NORMAL DEPARTURE
                VALUE   (LST)  VALUE       VALUE  FROM
                                                  NORMAL
...............................................................
TEMPERATURE (F)
 YESTERDAY
  MAXIMUM         81    444 PM  95    2011  81      0
  MINIMUM         49    505 AM  41    1999  49      0
  AVERAGE         65                        65      0

PRECIPITATION (IN)
  YESTERDAY        0.00          1.42 2005   0.03  -0.03
  MONTH TO DATE    0.00                      0.13  -0.13
  SINCE OCT 1      5.26                     11.19  -5.93
  SINCE JAN 1      1.58                      7.46  -5.88

SNOWFALL (IN)
  YESTERDAY        0.0
  MONTH TO DATE    0.0
  SINCE MAR 1      0.0
  SINCE JUL 1      0.0
  SNOW DEPTH       0

DEGREE DAYS
 HEATING
  YESTERDAY        0
  MONTH TO DATE    0
  SINCE MAR 1    249
  SINCE JUL 1   1699

 COOLING
  YESTERDAY        0
  MONTH TO DATE   27
  SINCE MAR 1    103
  SINCE JAN 1    105
...............................................................


WIND (MPH)
  HIGHEST WIND SPEED    18   HIGHEST WIND DIRECTION     W (290)
  HIGHEST GUST SPEED    26   HIGHEST GUST DIRECTION     W (290)
  AVERAGE WIND SPEED     7.5




RELATIVE HUMIDITY (PERCENT)
 HIGHEST    80
 LOWEST     19
 AVERAGE    50

..........................................................


THE MADERA CA AIRPORT CLIMATE NORMALS FOR TODAY
                         NORMAL    RECORD    YEAR
 MAXIMUM TEMPERATURE (F)   81        92      2001
 MINIMUM TEMPERATURE (F)   49        42      2010


SUNRISE AND SUNSET
MAY  6 2015...........SUNRISE   601 AM PDT   SUNSET   754 PM PDT
MAY  7 2015...........SUNRISE   600 AM PDT   SUNSET   755 PM PDT


-  INDICATES NEGATIVE NUMBERS.
R  INDICATES RECORD WAS SET OR TIED.
MM INDICATES DATA IS MISSING.
T  INDICATES TRACE AMOUNT.




$$
