000
CDUS44 KMAF 252123
CLIMAF


CLIMATE REPORT
NATIONAL WEATHER SERVICE MIDLAND/ODESSA TX
423 PM CDT SAT APR 25 2015


...................................

...THE MIDLAND CLIMATE SUMMARY FOR APRIL 25 2015...
VALID TODAY AS OF 0400 PM LOCAL TIME.

CLIMATE NORMAL PERIOD 1981 TO 2010
CLIMATE RECORD PERIOD 1930 TO 2015


WEATHER ITEM   OBSERVED TIME   RECORD YEAR NORMAL DEPARTURE LAST
                VALUE   (LST)  VALUE       VALUE  FROM      YEAR
                                                  NORMAL
..................................................................
TEMPERATURE (F)
 TODAY
  MAXIMUM         83    319 PM 104    2012  82      1       93
  MINIMUM         52    329 AM  39    1937  53     -1       55
  AVERAGE         68                        67      1       74

PRECIPITATION (IN)
  TODAY            0.00          0.85 1941   0.02  -0.02     0.00
  MONTH TO DATE    1.30                      0.53   0.77     0.45
  SINCE MAR 1      2.95                      1.13   1.82     0.64
  SINCE JAN 1      5.64                      2.40   3.24     0.90

SNOWFALL (IN)
  TODAY            0.0
  MONTH TO DATE    0.0
  SINCE MAR 1      T
  SINCE JUL 1      3.6
  SNOW DEPTH       0

DEGREE DAYS
 HEATING
  TODAY            0                         2     -2        0
  MONTH TO DATE   38                       103    -65       68
  SINCE MAR 1    376                       410    -34      350
  SINCE JUL 1   2526                      2647   -121     2598

 COOLING
  TODAY            3                         4     -1        9
  MONTH TO DATE   99                        65     34      120
  SINCE MAR 1    125                        81     44      143
  SINCE JAN 1    126                        83     43      145
..................................................................


WIND (MPH)
  HIGHEST WIND SPEED    28   HIGHEST WIND DIRECTION     W (250)
  HIGHEST GUST SPEED    36   HIGHEST GUST DIRECTION    SW (240)
  AVERAGE WIND SPEED    15.0


SKY COVER
  POSSIBLE SUNSHINE  MM
  AVERAGE SKY COVER 0.0


WEATHER CONDITIONS
 THE FOLLOWING WEATHER WAS RECORDED TODAY.
  NO SIGNIFICANT WEATHER WAS OBSERVED.


RELATIVE HUMIDITY (PERCENT)
 HIGHEST    43           300 AM
 LOWEST     14           300 PM
 AVERAGE    29

..........................................................


THE MIDLAND CLIMATE NORMALS FOR TOMORROW
                         NORMAL    RECORD    YEAR
 MAXIMUM TEMPERATURE (F)   82        97      1959
                                             1943
 MINIMUM TEMPERATURE (F)   53        37      1946


SUNRISE AND SUNSET
APRIL 25 2015.........SUNRISE   709 AM CDT   SUNSET   825 PM CDT
APRIL 26 2015.........SUNRISE   708 AM CDT   SUNSET   825 PM CDT


-  INDICATES NEGATIVE NUMBERS.
R  INDICATES RECORD WAS SET OR TIED.
MM INDICATES DATA IS MISSING.
T  INDICATES TRACE AMOUNT.




$$
