000
CDUS46 KHNX 270821
CLIMCE


CLIMATE REPORT
NATIONAL WEATHER SERVICE SAN JOAQUIN VALLEY, CA
120 AM PDT MON APR 27 2015


...................................

...THE MERCED  CA CLIMATE SUMMARY FOR APRIL 26 2015...

CLIMATE NORMAL PERIOD 1981 TO 2010
CLIMATE RECORD PERIOD 1998 TO 2015


WEATHER ITEM   OBSERVED TIME   RECORD YEAR NORMAL DEPARTURE
                VALUE   (LST)  VALUE       VALUE  FROM
                                                  NORMAL
...............................................................
TEMPERATURE (F)
 YESTERDAY
  MAXIMUM         76    424 PM  95    2004  77     -1
  MINIMUM         45    518 AM  40    2003  47     -2
  AVERAGE         61                        62     -1

PRECIPITATION (IN)
  YESTERDAY        0.00          0.08 2002   0.03  -0.03
  MONTH TO DATE    1.09                      0.84   0.25
  SINCE OCT 1      7.10                     11.37  -4.27
  SINCE JAN 1      2.35                      7.86  -5.51

SNOWFALL (IN)
  YESTERDAY        0.0
  MONTH TO DATE    0.0
  SINCE MAR 1      0.0
  SINCE JUL 1      0.0
  SNOW DEPTH       0

DEGREE DAYS
 HEATING
  YESTERDAY        4
  MONTH TO DATE  129
  SINCE MAR 1    259
  SINCE JUL 1   1723

 COOLING
  YESTERDAY        0
  MONTH TO DATE    8
  SINCE MAR 1     22
  SINCE JAN 1     22
...............................................................


WIND (MPH)
  HIGHEST WIND SPEED    23   HIGHEST WIND DIRECTION    NW (310)
  HIGHEST GUST SPEED    29   HIGHEST GUST DIRECTION    NW (320)
  AVERAGE WIND SPEED     9.6




RELATIVE HUMIDITY (PERCENT)
 HIGHEST   100
 LOWEST     27
 AVERAGE    64

..........................................................


THE MERCED  CA CLIMATE NORMALS FOR TODAY
                         NORMAL    RECORD    YEAR
 MAXIMUM TEMPERATURE (F)   77        97      2004
 MINIMUM TEMPERATURE (F)   47        40      1999


SUNRISE AND SUNSET
APRIL 27 2015.........SUNRISE   612 AM PDT   SUNSET   748 PM PDT
APRIL 28 2015.........SUNRISE   611 AM PDT   SUNSET   749 PM PDT


-  INDICATES NEGATIVE NUMBERS.
R  INDICATES RECORD WAS SET OR TIED.
MM INDICATES DATA IS MISSING.
T  INDICATES TRACE AMOUNT.




$$
